CRAN Package Check Results for Package ipdw

Last updated on 2014-10-10 15:49:10.

Flavor Version Tinstall Tcheck Ttotal Status Flags
r-devel-linux-x86_64-debian-clang 0.2-1 6.74 146.32 153.06 NOTE
r-devel-linux-x86_64-debian-gcc 0.2-1 6.64 144.72 151.36 NOTE
r-devel-linux-x86_64-fedora-clang 0.2-1 412.92 NOTE
r-devel-linux-x86_64-fedora-gcc 0.2-1 415.14 NOTE
r-devel-osx-x86_64-clang 0.2-1 303.41 NOTE
r-devel-windows-ix86+x86_64 0.2-1 15.00 209.00 224.00 NOTE
r-patched-linux-x86_64 0.2-1 6.76 147.44 154.20 OK
r-patched-solaris-sparc 0.2-1 2071.70 OK
r-patched-solaris-x86 0.2-1 619.70 OK
r-release-linux-ix86 0.2-1 7.97 224.07 232.04 OK
r-release-linux-x86_64 0.2-1 6.89 152.64 159.53 OK
r-release-osx-x86_64-mavericks 0.2-1 WARN
r-release-osx-x86_64-snowleopard 0.2-1 OK
r-release-windows-ix86+x86_64 0.2-1 17.00 228.00 245.00 OK
r-oldrel-windows-ix86+x86_64 0.2-1 15.00 219.00 234.00 OK

Check Details

Version: 0.2-1
Check: R code for possible problems
Result: NOTE
    costrasterGen: no visible global function definition for ‘bbox’
Flavors: r-devel-linux-x86_64-debian-clang, r-devel-linux-x86_64-debian-gcc, r-devel-linux-x86_64-fedora-clang, r-devel-linux-x86_64-fedora-gcc, r-devel-osx-x86_64-clang, r-devel-windows-ix86+x86_64

Version: 0.2-1
Check: package dependencies
Result: NOTE
    Package suggested but not available for checking: ‘gstat’
Flavor: r-release-osx-x86_64-mavericks

Version: 0.2-1
Check: running R code from vignettes
Result: WARN
    Errors in running code in vignettes:
    when running code in ‘ipdw.Rnw’
     ...
    + }, spatial = TRUE)
    
    > gridded(idw.grid) = TRUE
    
    > kat.idw <- gstat::idw(data ~ 1, training, idw.grid,
    + maxdist = mean.neighdist * 10, debug.level = 0)
    
     When sourcing 'ipdw.R':
    Error: there is no package called 'gstat'
    Execution halted
Flavor: r-release-osx-x86_64-mavericks

Version: 0.2-1
Check: re-building of vignette outputs
Result: NOTE
    Error in re-building vignettes:
     ...
    --------------------------------------------------------------
     Analysis of geostatistical data
     For an Introduction to geoR go to http://www.leg.ufpr.br/geoR
     geoR version 1.7-4 (built on 2012-06-29) is now loaded
    --------------------------------------------------------------
    
    
    spatstat 1.37-0 (nickname: 'Model Prisoner')
    For an introduction to spatstat, type 'beginner'
    
    Attaching package: 'spatstat'
    
    The following objects are masked from 'package:igraph':
    
     diameter, edges, vertices
    
    The following objects are masked from 'package:raster':
    
     edges, rotate, shift
    
    
    Error: processing vignette 'ipdw.Rnw' failed with diagnostics:
     chunk 9 (label = ipdw-6)
    Error in loadNamespace(name) : there is no package called 'gstat'
    Execution halted
Flavor: r-release-osx-x86_64-mavericks