Last updated on 2014-10-10 15:49:10.
Flavor | Version | Tinstall | Tcheck | Ttotal | Status | Flags |
---|---|---|---|---|---|---|
r-devel-linux-x86_64-debian-clang | 1.1-3 | 1.47 | 22.32 | 23.79 | OK | |
r-devel-linux-x86_64-debian-gcc | 1.1-3 | 2.01 | 22.14 | 24.16 | OK | |
r-devel-linux-x86_64-fedora-clang | 1.1-3 | 52.34 | OK | |||
r-devel-linux-x86_64-fedora-gcc | 1.1-3 | 50.54 | OK | |||
r-devel-osx-x86_64-clang | 1.1-3 | 52.66 | OK | |||
r-devel-windows-ix86+x86_64 | 1.1-3 | 7.00 | 44.00 | 51.00 | OK | |
r-patched-linux-x86_64 | 1.1-3 | 2.14 | 22.67 | 24.81 | OK | |
r-patched-solaris-sparc | 1.1-3 | 306.50 | OK | |||
r-patched-solaris-x86 | 1.1-3 | 69.70 | OK | |||
r-release-linux-ix86 | 1.1-3 | 2.59 | 30.58 | 33.17 | OK | |
r-release-linux-x86_64 | 1.1-3 | 1.99 | 21.72 | 23.71 | OK | |
r-release-osx-x86_64-mavericks | 1.1-3 | NOTE | ||||
r-release-osx-x86_64-snowleopard | 1.1-3 | OK | ||||
r-release-windows-ix86+x86_64 | 1.1-3 | 8.00 | 42.00 | 50.00 | OK | |
r-oldrel-windows-ix86+x86_64 | 1.1-3 | 9.00 | 44.00 | 53.00 | OK |
Version: 1.1-3
Check: re-building of vignette outputs
Result: NOTE
Error in re-building vignettes:
...
Error in texi2dvi(file = file, pdf = TRUE, clean = clean, quiet = quiet, :
Running 'texi2dvi' on 'isocir.tex' failed.
LaTeX errors:
! LaTeX Error: File `subfigure.sty' not found.
Type X to quit or <RETURN> to proceed,
or enter new name. (Default extension: sty)
test/isocir/vignettes/isocir.tex:10: ==> Fatal error occurred, no output PDF f
ile produced!
Calls: buildVignettes -> texi2pdf -> texi2dvi
Execution halted
Flavor: r-release-osx-x86_64-mavericks