Last updated on 2014-10-10 15:49:10.
Flavor | Version | Tinstall | Tcheck | Ttotal | Status | Flags |
---|---|---|---|---|---|---|
r-devel-linux-x86_64-debian-clang | 2.11.2.1 | 13.82 | 21.50 | 35.32 | NOTE | |
r-devel-linux-x86_64-debian-gcc | 2.11.2.1 | 11.33 | 21.51 | 32.84 | NOTE | |
r-devel-linux-x86_64-fedora-clang | 2.11.2.1 | 50.63 | NOTE | |||
r-devel-linux-x86_64-fedora-gcc | 2.11.2.1 | 48.18 | NOTE | |||
r-devel-osx-x86_64-clang | 2.11.2.1 | 63.01 | NOTE | |||
r-devel-windows-ix86+x86_64 | 2.11.2.1 | 27.00 | 33.00 | 60.00 | NOTE | |
r-patched-linux-x86_64 | 2.11.2.1 | 11.00 | 21.98 | 32.98 | NOTE | |
r-patched-solaris-sparc | 2.11.2.1 | 246.90 | NOTE | |||
r-patched-solaris-x86 | 2.11.2.1 | 69.10 | NOTE | |||
r-release-linux-ix86 | 2.11.2.1 | 33.40 | 26.92 | 60.32 | NOTE | |
r-release-linux-x86_64 | 2.11.2.1 | 10.81 | 22.08 | 32.90 | NOTE | |
r-release-osx-x86_64-mavericks | 2.11.2.1 | NOTE | ||||
r-release-osx-x86_64-snowleopard | 2.11.2.1 | NOTE | ||||
r-release-windows-ix86+x86_64 | 2.11.2.1 | 20.00 | 35.00 | 55.00 | NOTE | |
r-oldrel-windows-ix86+x86_64 | 2.11.2.1 | 17.00 | 33.00 | 50.00 | NOTE |
Version: 2.11.2.1
Check: installed package size
Result: NOTE
installed size is 23.5Mb
sub-directories of 1Mb or more:
java 23.1Mb
Flavors: r-devel-linux-x86_64-debian-clang, r-devel-linux-x86_64-debian-gcc, r-devel-linux-x86_64-fedora-clang, r-devel-linux-x86_64-fedora-gcc, r-devel-osx-x86_64-clang, r-devel-windows-ix86+x86_64, r-patched-linux-x86_64, r-patched-solaris-sparc, r-patched-solaris-x86, r-release-linux-ix86, r-release-linux-x86_64, r-release-osx-x86_64-mavericks, r-release-osx-x86_64-snowleopard, r-release-windows-ix86+x86_64, r-oldrel-windows-ix86+x86_64