Last updated on 2014-10-10 15:49:10.
Flavor | Version | Tinstall | Tcheck | Ttotal | Status | Flags |
---|---|---|---|---|---|---|
r-devel-linux-x86_64-debian-clang | 1.1.12 | 0.86 | 18.70 | 19.56 | NOTE | |
r-devel-linux-x86_64-debian-gcc | 1.1.12 | 0.83 | 18.69 | 19.52 | NOTE | |
r-devel-linux-x86_64-fedora-clang | 1.1.12 | 43.08 | NOTE | |||
r-devel-linux-x86_64-fedora-gcc | 1.1.12 | 40.85 | NOTE | |||
r-devel-osx-x86_64-clang | 1.1.12 | 45.22 | NOTE | |||
r-devel-windows-ix86+x86_64 | 1.1.12 | 3.00 | 30.00 | 33.00 | NOTE | |
r-patched-linux-x86_64 | 1.1.12 | 0.87 | 18.63 | 19.50 | NOTE | |
r-patched-solaris-sparc | 1.1.12 | 206.10 | NOTE | |||
r-patched-solaris-x86 | 1.1.12 | 54.50 | NOTE | |||
r-release-linux-ix86 | 1.1.12 | 1.25 | 27.09 | 28.34 | OK | |
r-release-linux-x86_64 | 1.1.12 | 0.86 | 18.77 | 19.63 | OK | |
r-release-osx-x86_64-mavericks | 1.1.12 | NOTE | ||||
r-release-osx-x86_64-snowleopard | 1.1.12 | NOTE | ||||
r-release-windows-ix86+x86_64 | 1.1.12 | 4.00 | 31.00 | 35.00 | OK | |
r-oldrel-windows-ix86+x86_64 | 1.1.12 | 3.00 | 31.00 | 34.00 | OK |
Version: 1.1.12
Check: files in ‘vignettes’
Result: NOTE
The following files look like leftovers/mistakes:
‘Rplots.pdf’
Please remove them from your package.
Flavors: r-devel-linux-x86_64-debian-clang, r-devel-linux-x86_64-debian-gcc, r-devel-linux-x86_64-fedora-clang, r-devel-linux-x86_64-fedora-gcc, r-devel-osx-x86_64-clang, r-devel-windows-ix86+x86_64, r-patched-linux-x86_64, r-patched-solaris-sparc, r-patched-solaris-x86
Version: 1.1.12
Check: re-building of vignette outputs
Result: NOTE
Error in re-building vignettes:
...
Error in texi2dvi(file = file, pdf = TRUE, clean = clean, quiet = quiet, :
Running 'texi2dvi' on 'examples.tex' failed.
LaTeX errors:
! LaTeX Error: File `a4wide.sty' not found.
Type X to quit or <RETURN> to proceed,
or enter new name. (Default extension: sty)
test/kinfit/vignettes/examples.tex:7: ==> Fatal error occurred, no output PDF
file produced!
Calls: buildVignettes -> texi2pdf -> texi2dvi
Execution halted
Flavor: r-release-osx-x86_64-mavericks
Version: 1.1.12
Check: re-building of vignette outputs
Result: NOTE
Error in re-building vignettes:
...
Error in texi2dvi(file = file, pdf = TRUE, clean = clean, quiet = quiet, :
Running 'texi2dvi' on 'examples.tex' failed.
LaTeX errors:
! LaTeX Error: File `relsize.sty' not found.
Type X to quit or <RETURN> to proceed,
or enter new name. (Default extension: sty)
./header.tex:24: ==> Fatal error occurred, no output PDF file produced!
Calls: buildVignettes -> texi2pdf -> texi2dvi
Execution halted
Flavor: r-release-osx-x86_64-snowleopard