Last updated on 2014-10-10 15:49:11.
Flavor | Version | Tinstall | Tcheck | Ttotal | Status | Flags |
---|---|---|---|---|---|---|
r-devel-linux-x86_64-debian-clang | 0.5-17 | 2.36 | 82.78 | 85.14 | OK | |
r-devel-linux-x86_64-debian-gcc | 0.5-17 | 2.29 | 83.18 | 85.47 | OK | |
r-devel-linux-x86_64-fedora-clang | 0.5-17 | 175.20 | OK | |||
r-devel-linux-x86_64-fedora-gcc | 0.5-17 | 163.39 | OK | |||
r-devel-osx-x86_64-clang | 0.5-17 | 132.02 | OK | |||
r-devel-windows-ix86+x86_64 | 0.5-17 | 6.00 | 99.00 | 105.00 | OK | |
r-patched-linux-x86_64 | 0.5-17 | 3.24 | 93.18 | 96.43 | OK | |
r-patched-solaris-sparc | 0.5-17 | 961.80 | OK | |||
r-patched-solaris-x86 | 0.5-17 | 199.80 | OK | |||
r-release-linux-ix86 | 0.5-17 | 3.22 | 112.18 | 115.40 | OK | |
r-release-linux-x86_64 | 0.5-17 | 2.99 | 96.76 | 99.75 | OK | |
r-release-osx-x86_64-mavericks | 0.5-17 | NOTE | ||||
r-release-osx-x86_64-snowleopard | 0.5-17 | OK | ||||
r-release-windows-ix86+x86_64 | 0.5-17 | 6.00 | 123.00 | 129.00 | OK | |
r-oldrel-windows-ix86+x86_64 | 0.5-17 | 6.00 | 119.00 | 125.00 | OK |
Version: 0.5-17
Check: package dependencies
Result: NOTE
Package suggested but not available for checking: ‘simsem’
Flavor: r-release-osx-x86_64-mavericks