Last updated on 2014-10-10 15:49:11.
Flavor | Version | Tinstall | Tcheck | Ttotal | Status | Flags |
---|---|---|---|---|---|---|
r-devel-linux-x86_64-debian-clang | 0.9.1 | 0.84 | 17.82 | 18.65 | NOTE | |
r-devel-linux-x86_64-debian-gcc | 0.9.1 | 0.82 | 17.61 | 18.43 | NOTE | |
r-devel-linux-x86_64-fedora-clang | 0.9.1 | 35.63 | NOTE | |||
r-devel-linux-x86_64-fedora-gcc | 0.9.1 | 34.93 | NOTE | |||
r-devel-osx-x86_64-clang | 0.9.1 | 37.80 | NOTE | |||
r-devel-windows-ix86+x86_64 | 0.9.1 | 3.00 | 31.00 | 34.00 | NOTE | |
r-patched-linux-x86_64 | 0.9.1 | 0.86 | 19.03 | 19.89 | NOTE | |
r-patched-solaris-sparc | 0.9.1 | 282.10 | NOTE | |||
r-patched-solaris-x86 | 0.9.1 | 59.50 | NOTE | |||
r-release-linux-ix86 | 0.9.1 | 1.25 | 25.34 | 26.59 | NOTE | |
r-release-linux-x86_64 | 0.9.1 | 0.86 | 17.60 | 18.46 | NOTE | |
r-release-osx-x86_64-mavericks | 0.9.1 | NOTE | ||||
r-release-osx-x86_64-snowleopard | 0.9.1 | NOTE | ||||
r-release-windows-ix86+x86_64 | 0.9.1 | 4.00 | 27.00 | 31.00 | NOTE | |
r-oldrel-windows-ix86+x86_64 | 0.9.1 | 4.00 | 31.00 | 35.00 | NOTE |
Version: 0.9.1
Check: dependencies in R code
Result: NOTE
'library' or 'require' call to ‘lars’ which was already attached by Depends.
Please remove these calls from your code.
See the information on DESCRIPTION files in the chapter ‘Creating R
packages’ of the ‘Writing R Extensions’ manual.
Flavors: r-devel-linux-x86_64-debian-clang, r-devel-linux-x86_64-debian-gcc, r-devel-linux-x86_64-fedora-clang, r-devel-linux-x86_64-fedora-gcc, r-devel-osx-x86_64-clang, r-devel-windows-ix86+x86_64, r-patched-linux-x86_64, r-patched-solaris-sparc, r-patched-solaris-x86, r-release-linux-ix86, r-release-linux-x86_64, r-release-osx-x86_64-mavericks, r-release-osx-x86_64-snowleopard, r-release-windows-ix86+x86_64, r-oldrel-windows-ix86+x86_64
Version: 0.9.1
Check: R code for possible problems
Result: NOTE
lmbc: no visible binding for global variable ‘g1_part’
Flavors: r-devel-linux-x86_64-debian-clang, r-devel-linux-x86_64-debian-gcc, r-devel-linux-x86_64-fedora-clang, r-devel-linux-x86_64-fedora-gcc, r-devel-osx-x86_64-clang, r-devel-windows-ix86+x86_64