Last updated on 2014-10-10 15:49:12.
Flavor | Version | Tinstall | Tcheck | Ttotal | Status | Flags |
---|---|---|---|---|---|---|
r-devel-linux-x86_64-debian-clang | 2.0.5 | 2.73 | 37.44 | 40.17 | OK | |
r-devel-linux-x86_64-debian-gcc | 2.0.5 | 2.97 | 35.74 | 38.72 | OK | |
r-devel-linux-x86_64-fedora-clang | 2.0.5 | 89.30 | OK | |||
r-devel-linux-x86_64-fedora-gcc | 2.0.5 | 94.80 | OK | |||
r-devel-osx-x86_64-clang | 2.0.5 | 84.84 | OK | |||
r-devel-windows-ix86+x86_64 | 2.0.5 | 14.00 | 83.00 | 97.00 | OK | |
r-patched-linux-x86_64 | 2.0.5 | 3.08 | 36.67 | 39.76 | OK | |
r-patched-solaris-sparc | 2.0.5 | 494.80 | OK | |||
r-patched-solaris-x86 | 2.0.5 | 134.60 | OK | |||
r-release-linux-ix86 | 2.0.5 | 4.23 | 57.01 | 61.24 | OK | |
r-release-linux-x86_64 | 2.0.5 | 3.20 | 36.79 | 39.99 | OK | |
r-release-osx-x86_64-mavericks | 2.0.5 | NOTE | ||||
r-release-osx-x86_64-snowleopard | 2.0.5 | OK | ||||
r-release-windows-ix86+x86_64 | 2.0.5 | 16.00 | 75.00 | 91.00 | OK | |
r-oldrel-windows-ix86+x86_64 | 2.0.5 | 16.00 | 83.00 | 99.00 | OK |
Version: 2.0.5
Check: re-building of vignette outputs
Result: NOTE
Error in re-building vignettes:
...
Loading required package: survival
Loading required package: splines
Loading required package: igraph
Error in texi2dvi(file = file, pdf = TRUE, clean = clean, quiet = quiet, :
Running 'texi2dvi' on 'mRMRe.tex' failed.
LaTeX errors:
! LaTeX Error: File `authblk.sty' not found.
Type X to quit or <RETURN> to proceed,
or enter new name. (Default extension: sty)
est/mRMRe/vignettes/mRMRe.tex:11: ==> Fatal error occurred, no output PDF file
produced!
Calls: buildVignettes -> texi2pdf -> texi2dvi
Execution halted
Flavor: r-release-osx-x86_64-mavericks