CRAN Package Check Results for Package mapproj

Last updated on 2014-10-10 15:49:11.

Flavor Version Tinstall Tcheck Ttotal Status Flags
r-devel-linux-x86_64-debian-clang 1.2-2 3.32 11.10 14.42 NOTE
r-devel-linux-x86_64-debian-gcc 1.2-2 3.58 10.40 13.98 NOTE
r-devel-linux-x86_64-fedora-clang 1.2-2 28.05 NOTE
r-devel-linux-x86_64-fedora-gcc 1.2-2 25.48 NOTE
r-devel-osx-x86_64-clang 1.2-2 27.25 NOTE
r-devel-windows-ix86+x86_64 1.2-2 39.00 24.00 63.00 NOTE
r-patched-linux-x86_64 1.2-2 3.86 10.22 14.08 OK
r-patched-solaris-sparc 1.2-2 147.40 OK
r-patched-solaris-x86 1.2-2 38.90 OK
r-release-linux-ix86 1.2-2 5.43 16.27 21.70 OK
r-release-linux-x86_64 1.2-2 3.36 10.31 13.68 OK
r-release-osx-x86_64-mavericks 1.2-2 OK
r-release-osx-x86_64-snowleopard 1.2-2 OK
r-release-windows-ix86+x86_64 1.2-2 39.00 22.00 61.00 OK
r-oldrel-windows-ix86+x86_64 1.2-2 37.00 22.00 59.00 OK

Check Details

Version: 1.2-2
Check: R code for possible problems
Result: NOTE
    map.grid: no visible global function definition for ‘.map.range’
Flavors: r-devel-linux-x86_64-debian-clang, r-devel-linux-x86_64-debian-gcc, r-devel-linux-x86_64-fedora-clang, r-devel-linux-x86_64-fedora-gcc, r-devel-osx-x86_64-clang, r-devel-windows-ix86+x86_64