Last updated on 2014-10-10 15:49:11.
Flavor | Version | Tinstall | Tcheck | Ttotal | Status | Flags |
---|---|---|---|---|---|---|
r-devel-linux-x86_64-debian-clang | 2.1.3 | 1.89 | 41.36 | 43.25 | NOTE | |
r-devel-linux-x86_64-debian-gcc | 2.1.3 | 1.94 | 41.40 | 43.33 | NOTE | |
r-devel-linux-x86_64-fedora-clang | 2.1.3 | 84.93 | NOTE | |||
r-devel-linux-x86_64-fedora-gcc | 2.1.3 | 83.33 | NOTE | |||
r-devel-osx-x86_64-clang | 2.1.3 | 65.64 | NOTE | |||
r-devel-windows-ix86+x86_64 | 2.1.3 | 7.00 | 66.00 | 73.00 | NOTE | |
r-patched-linux-x86_64 | 2.1.3 | 1.88 | 41.51 | 43.39 | NOTE | |
r-patched-solaris-sparc | 2.1.3 | 511.50 | NOTE | |||
r-patched-solaris-x86 | 2.1.3 | 104.00 | NOTE | |||
r-release-linux-ix86 | 2.1.3 | 2.73 | 44.47 | 47.20 | NOTE | |
r-release-linux-x86_64 | 2.1.3 | 1.85 | 41.14 | 42.99 | NOTE | |
r-release-osx-x86_64-mavericks | 2.1.3 | NOTE | ||||
r-release-osx-x86_64-snowleopard | 2.1.3 | OK | ||||
r-release-windows-ix86+x86_64 | 2.1.3 | 9.00 | 70.00 | 79.00 | NOTE | |
r-oldrel-windows-ix86+x86_64 | 2.1.3 | 8.00 | 72.00 | 80.00 | NOTE |
Version: 2.1.3
Check: dependencies in R code
Result: NOTE
Packages in Depends field not imported from:
‘seacarb’ ‘shape’
These packages need to be imported from (in the NAMESPACE file)
for when this namespace is loaded but not attached.
See the information on DESCRIPTION files in the chapter ‘Creating R
packages’ of the ‘Writing R Extensions’ manual.
Flavors: r-devel-linux-x86_64-debian-clang, r-devel-linux-x86_64-debian-gcc, r-devel-linux-x86_64-fedora-clang, r-devel-linux-x86_64-fedora-gcc, r-devel-osx-x86_64-clang, r-devel-windows-ix86+x86_64, r-patched-linux-x86_64, r-patched-solaris-sparc, r-patched-solaris-x86, r-release-linux-ix86, r-release-linux-x86_64, r-release-osx-x86_64-mavericks, r-release-windows-ix86+x86_64, r-oldrel-windows-ix86+x86_64
Version: 2.1.3
Check: R code for possible problems
Result: NOTE
molweight : molweight: no visible binding for global variable
‘atomicweight’
redfield: no visible binding for global variable ‘atomicweight’
sw_delta_SA: no visible binding for global variable ‘sw_sfac’
sw_dens: no visible global function definition for ‘rho’
Flavors: r-devel-linux-x86_64-debian-clang, r-devel-linux-x86_64-debian-gcc, r-devel-linux-x86_64-fedora-clang, r-devel-linux-x86_64-fedora-gcc, r-devel-osx-x86_64-clang, r-devel-windows-ix86+x86_64