Last updated on 2014-10-10 15:49:11.
Flavor | Version | Tinstall | Tcheck | Ttotal | Status | Flags |
---|---|---|---|---|---|---|
r-devel-linux-x86_64-debian-clang | 2.6 | 3.98 | 46.79 | 50.77 | NOTE | |
r-devel-linux-x86_64-debian-gcc | 2.6 | 5.58 | 47.12 | 52.70 | NOTE | |
r-devel-linux-x86_64-fedora-clang | 2.6 | 120.64 | NOTE | |||
r-devel-linux-x86_64-fedora-gcc | 2.6 | 121.42 | NOTE | |||
r-devel-osx-x86_64-clang | 2.6 | 92.31 | NOTE | |||
r-devel-windows-ix86+x86_64 | 2.6 | 12.00 | 67.00 | 79.00 | NOTE | |
r-patched-linux-x86_64 | 2.6 | 4.16 | 49.98 | 54.14 | NOTE | |
r-patched-solaris-sparc | 2.6 | 663.00 | NOTE | |||
r-patched-solaris-x86 | 2.6 | 160.70 | NOTE | |||
r-release-linux-ix86 | 2.6 | 4.97 | 61.54 | 66.50 | NOTE | |
r-release-linux-x86_64 | 2.6 | 4.22 | 50.94 | 55.16 | NOTE | |
r-release-osx-x86_64-mavericks | 2.6 | NOTE | ||||
r-release-osx-x86_64-snowleopard | 2.6 | ERROR | ||||
r-release-windows-ix86+x86_64 | 2.6 | 11.00 | 73.00 | 84.00 | NOTE | |
r-oldrel-windows-ix86+x86_64 | 2.6 | 11.00 | 73.00 | 84.00 | NOTE |
Version: 2.6
Check: dependencies in R code
Result: NOTE
Package in Depends field not imported from: ‘logistf’
These packages need to be imported from (in the NAMESPACE file)
for when this namespace is loaded but not attached.
See the information on DESCRIPTION files in the chapter ‘Creating R
packages’ of the ‘Writing R Extensions’ manual.
Flavors: r-devel-linux-x86_64-debian-clang, r-devel-linux-x86_64-debian-gcc, r-devel-linux-x86_64-fedora-clang, r-devel-linux-x86_64-fedora-gcc, r-devel-osx-x86_64-clang, r-devel-windows-ix86+x86_64, r-patched-linux-x86_64, r-patched-solaris-sparc, r-patched-solaris-x86, r-release-linux-ix86, r-release-linux-x86_64, r-release-osx-x86_64-mavericks, r-release-windows-ix86+x86_64, r-oldrel-windows-ix86+x86_64
Version: 2.6
Check: R code for possible problems
Result: NOTE
mbmdr : Regresion: no visible global function definition for ‘logistf’
Flavors: r-devel-linux-x86_64-debian-clang, r-devel-linux-x86_64-debian-gcc, r-devel-linux-x86_64-fedora-clang, r-devel-linux-x86_64-fedora-gcc, r-devel-osx-x86_64-clang, r-devel-windows-ix86+x86_64
Version: 2.6
Check: whether package can be installed
Result: ERROR
Installation failed.
Flavor: r-release-osx-x86_64-snowleopard