Last updated on 2014-10-10 15:49:12.
Flavor | Version | Tinstall | Tcheck | Ttotal | Status | Flags |
---|---|---|---|---|---|---|
r-devel-linux-x86_64-debian-clang | 0.31 | 3.04 | 38.52 | 41.55 | OK | |
r-devel-linux-x86_64-debian-gcc | 0.31 | 3.88 | 37.02 | 40.90 | OK | |
r-devel-linux-x86_64-fedora-clang | 0.31 | 93.88 | OK | |||
r-devel-linux-x86_64-fedora-gcc | 0.31 | 90.18 | OK | |||
r-devel-osx-x86_64-clang | 0.31 | 72.02 | OK | |||
r-devel-windows-ix86+x86_64 | 0.31 | 8.00 | 56.00 | 64.00 | NOTE | |
r-patched-linux-x86_64 | 0.31 | 3.18 | 39.08 | 42.26 | OK | |
r-patched-solaris-sparc | 0.31 | 524.10 | OK | |||
r-patched-solaris-x86 | 0.31 | 127.60 | OK | |||
r-release-linux-ix86 | 0.31 | 3.78 | 46.69 | 50.47 | OK | |
r-release-linux-x86_64 | 0.31 | 3.16 | 38.87 | 42.03 | OK | |
r-release-osx-x86_64-mavericks | 0.31 | NOTE | ||||
r-release-osx-x86_64-snowleopard | 0.31 | OK | ||||
r-release-windows-ix86+x86_64 | 0.31 | 9.00 | 57.00 | 66.00 | NOTE | |
r-oldrel-windows-ix86+x86_64 | 0.31 | 10.00 | 54.00 | 64.00 | NOTE |
Version: 0.31
Check: package dependencies
Result: NOTE
Package suggested but not available for checking: 'ncdf4'
Flavors: r-devel-windows-ix86+x86_64, r-release-windows-ix86+x86_64, r-oldrel-windows-ix86+x86_64
Version: 0.31
Check: package dependencies
Result: NOTE
Package suggested but not available for checking: ‘rgdal’
Flavor: r-release-osx-x86_64-mavericks