Last updated on 2014-10-10 15:49:12.
Flavor | Version | Tinstall | Tcheck | Ttotal | Status | Flags |
---|---|---|---|---|---|---|
r-devel-linux-x86_64-debian-clang | 0.6-12 | 1.23 | 27.02 | 28.25 | NOTE | |
r-devel-linux-x86_64-debian-gcc | 0.6-12 | 0.98 | 27.30 | 28.28 | NOTE | |
r-devel-linux-x86_64-fedora-clang | 0.6-12 | 56.40 | NOTE | |||
r-devel-linux-x86_64-fedora-gcc | 0.6-12 | 52.68 | NOTE | |||
r-devel-osx-x86_64-clang | 0.6-12 | 50.12 | NOTE | |||
r-devel-windows-ix86+x86_64 | 0.6-12 | 3.00 | 41.00 | 44.00 | NOTE | |
r-patched-linux-x86_64 | 0.6-12 | 1.01 | 30.68 | 31.70 | OK | |
r-patched-solaris-sparc | 0.6-12 | 380.20 | OK | |||
r-patched-solaris-x86 | 0.6-12 | 75.80 | OK | |||
r-release-linux-ix86 | 0.6-12 | 1.36 | 38.82 | 40.18 | OK | |
r-release-linux-x86_64 | 0.6-12 | 0.97 | 29.71 | 30.68 | OK | |
r-release-osx-x86_64-mavericks | 0.6-12 | OK | ||||
r-release-osx-x86_64-snowleopard | 0.6-12 | OK | ||||
r-release-windows-ix86+x86_64 | 0.6-12 | 3.00 | 47.00 | 50.00 | OK | |
r-oldrel-windows-ix86+x86_64 | 0.6-12 | 3.00 | 45.00 | 48.00 | OK |
Version: 0.6-12
Check: R code for possible problems
Result: NOTE
quadFuncEst: no visible global function definition for ‘plm’
quadFuncEst: no visible global function definition for ‘fixef’
Flavors: r-devel-linux-x86_64-debian-clang, r-devel-linux-x86_64-debian-gcc, r-devel-linux-x86_64-fedora-clang, r-devel-linux-x86_64-fedora-gcc, r-devel-osx-x86_64-clang, r-devel-windows-ix86+x86_64