CRAN Package Check Results for Package mirtCAT

Last updated on 2014-10-10 15:49:12.

Flavor Version Tinstall Tcheck Ttotal Status Flags
r-devel-linux-x86_64-debian-clang 0.1 2.01 27.18 29.19 NOTE
r-devel-linux-x86_64-debian-gcc 0.1 1.96 26.66 28.62 NOTE
r-devel-linux-x86_64-fedora-clang 0.1 62.47 NOTE
r-devel-linux-x86_64-fedora-gcc 0.1 61.01 NOTE
r-devel-osx-x86_64-clang 0.1 53.60 NOTE
r-devel-windows-ix86+x86_64 0.1 6.00 40.00 46.00 NOTE
r-patched-linux-x86_64 0.1 2.06 27.15 29.21 OK
r-patched-solaris-sparc 0.1 328.50 OK
r-patched-solaris-x86 0.1 82.40 OK
r-release-linux-ix86 0.1 2.67 36.71 39.38 OK
r-release-linux-x86_64 0.1 2.15 28.06 30.20 OK
r-release-osx-x86_64-mavericks 0.1 OK
r-release-osx-x86_64-snowleopard 0.1 OK
r-release-windows-ix86+x86_64 0.1 7.00 42.00 49.00 OK
r-oldrel-windows-ix86+x86_64 0.1 8.00 47.00 55.00 OK

Check Details

Version: 0.1
Check: R code for possible problems
Result: NOTE
    plot.mirtCAT: no visible global function definition for ‘xyplot’
    plot.mirtCAT : <anonymous>: no visible global function definition for
     ‘panel.polygon’
    plot.mirtCAT : <anonymous>: no visible global function definition for
     ‘panel.points’
    plot.mirtCAT : <anonymous>: no visible global function definition for
     ‘panel.lines’
Flavors: r-devel-linux-x86_64-debian-clang, r-devel-linux-x86_64-debian-gcc, r-devel-linux-x86_64-fedora-clang, r-devel-linux-x86_64-fedora-gcc, r-devel-osx-x86_64-clang, r-devel-windows-ix86+x86_64