Last updated on 2014-10-10 15:49:12.
Flavor | Version | Tinstall | Tcheck | Ttotal | Status | Flags |
---|---|---|---|---|---|---|
r-devel-linux-x86_64-debian-clang | 2.1-1 | 1.51 | 15.63 | 17.14 | NOTE | |
r-devel-linux-x86_64-debian-gcc | 2.1-1 | 1.45 | 15.05 | 16.50 | NOTE | |
r-devel-linux-x86_64-fedora-clang | 2.1-1 | 33.76 | NOTE | |||
r-devel-linux-x86_64-fedora-gcc | 2.1-1 | 30.77 | NOTE | |||
r-devel-osx-x86_64-clang | 2.1-1 | 33.94 | OK | |||
r-devel-windows-ix86+x86_64 | 2.1-1 | 8.00 | 31.00 | 39.00 | OK | |
r-patched-linux-x86_64 | 2.1-1 | 1.43 | 15.49 | 16.92 | NOTE | |
r-patched-solaris-sparc | 2.1-1 | 204.10 | OK | |||
r-patched-solaris-x86 | 2.1-1 | 45.60 | OK | |||
r-release-linux-ix86 | 2.1-1 | 1.98 | 23.56 | 25.54 | OK | |
r-release-linux-x86_64 | 2.1-1 | 1.48 | 15.61 | 17.10 | NOTE | |
r-release-osx-x86_64-mavericks | 2.1-1 | OK | ||||
r-release-windows-ix86+x86_64 | 2.1-1 | 7.00 | 31.00 | 38.00 | OK | |
r-oldrel-windows-ix86+x86_64 | 2.1-1 | 6.00 | 32.00 | 38.00 | OK |
Version: 2.1-1
Check: top-level files
Result: NOTE
Non-standard file/directory found at top level:
‘Data-Administration.R’
Flavors: r-devel-linux-x86_64-debian-clang, r-devel-linux-x86_64-debian-gcc, r-devel-linux-x86_64-fedora-clang, r-devel-linux-x86_64-fedora-gcc, r-patched-linux-x86_64, r-release-linux-x86_64