Last updated on 2014-10-10 15:49:12.
Flavor | Version | Tinstall | Tcheck | Ttotal | Status | Flags |
---|---|---|---|---|---|---|
r-devel-linux-x86_64-debian-clang | 1.0-6 | 3.57 | 215.27 | 218.84 | OK | |
r-devel-linux-x86_64-debian-gcc | 1.0-6 | 3.62 | 228.35 | 231.97 | OK | |
r-devel-linux-x86_64-fedora-clang | 1.0-6 | 436.91 | OK | |||
r-devel-linux-x86_64-fedora-gcc | 1.0-6 | 477.09 | OK | |||
r-devel-osx-x86_64-clang | 1.0-6 | 273.07 | OK | |||
r-devel-windows-ix86+x86_64 | 1.0-6 | 10.00 | 327.00 | 337.00 | OK | |
r-patched-linux-x86_64 | 1.0-6 | 3.69 | 235.55 | 239.24 | OK | |
r-patched-solaris-sparc | 1.0-6 | 3755.50 | OK | |||
r-patched-solaris-x86 | 1.0-6 | 903.50 | OK | |||
r-release-linux-ix86 | 1.0-6 | 4.83 | 358.88 | 363.71 | OK | |
r-release-linux-x86_64 | 1.0-6 | 3.86 | 234.62 | 238.49 | OK | |
r-release-osx-x86_64-mavericks | 1.0-6 | NOTE | ||||
r-release-osx-x86_64-snowleopard | 1.0-6 | OK | ||||
r-release-windows-ix86+x86_64 | 1.0-6 | 11.00 | 349.00 | 360.00 | OK | |
r-oldrel-windows-ix86+x86_64 | 1.0-6 | 11.00 | 341.00 | 352.00 | OK |
Version: 1.0-6
Check: re-building of vignette outputs
Result: NOTE
Error in re-building vignettes:
...
Loading required package: lme4
Loading required package: Matrix
Loading required package: Rcpp
refitting model(s) with ML (instead of REML)
Warning in checkConv(attr(opt, "derivs"), opt$par, ctrl = control$checkConv, :
Model failed to converge with max|grad| = 0.00508837 (tol = 0.002)
Error in texi2dvi(file = file, pdf = TRUE, clean = clean, quiet = quiet, :
Running 'texi2dvi' on 'StarData.tex' failed.
LaTeX errors:
! LaTeX Error: File `fullpage.sty' not found.
Type X to quit or <RETURN> to proceed,
or enter new name. (Default extension: sty)
test/mlmRev/vignettes/StarData.tex:3: ==> Fatal error occurred, no output PDF
file produced!
Calls: buildVignettes -> texi2pdf -> texi2dvi
Execution halted
Flavor: r-release-osx-x86_64-mavericks