Last updated on 2014-10-10 15:49:12.
Flavor | Version | Tinstall | Tcheck | Ttotal | Status | Flags |
---|---|---|---|---|---|---|
r-devel-linux-x86_64-debian-clang | 1.4 | 0.61 | 12.32 | 12.93 | NOTE | |
r-devel-linux-x86_64-debian-gcc | 1.4 | 0.74 | 11.99 | 12.73 | NOTE | |
r-devel-linux-x86_64-fedora-clang | 1.4 | 26.26 | NOTE | |||
r-devel-linux-x86_64-fedora-gcc | 1.4 | 23.45 | NOTE | |||
r-devel-osx-x86_64-clang | 1.4 | 30.45 | NOTE | |||
r-devel-windows-ix86+x86_64 | 1.4 | 3.00 | 22.00 | 25.00 | NOTE | |
r-patched-linux-x86_64 | 1.4 | 0.61 | 12.17 | 12.78 | OK | |
r-patched-solaris-sparc | 1.4 | 144.50 | OK | |||
r-patched-solaris-x86 | 1.4 | 38.00 | OK | |||
r-release-linux-ix86 | 1.4 | 0.90 | 19.07 | 19.97 | OK | |
r-release-linux-x86_64 | 1.4 | 0.60 | 12.01 | 12.62 | OK | |
r-release-osx-x86_64-mavericks | 1.4 | OK | ||||
r-release-osx-x86_64-snowleopard | 1.4 | OK | ||||
r-release-windows-ix86+x86_64 | 1.4 | 2.00 | 21.00 | 23.00 | OK | |
r-oldrel-windows-ix86+x86_64 | 1.4 | 3.00 | 21.00 | 24.00 | OK |
Version: 1.4
Check: package namespace information
Result: NOTE
Namespace with empty importFrom: ‘gee’
Flavors: r-devel-linux-x86_64-debian-clang, r-devel-linux-x86_64-debian-gcc, r-devel-linux-x86_64-fedora-clang, r-devel-linux-x86_64-fedora-gcc, r-devel-osx-x86_64-clang, r-devel-windows-ix86+x86_64
Version: 1.4
Check: R code for possible problems
Result: NOTE
mmm: no visible global function definition for ‘gee’
Flavors: r-devel-linux-x86_64-debian-clang, r-devel-linux-x86_64-debian-gcc, r-devel-linux-x86_64-fedora-clang, r-devel-linux-x86_64-fedora-gcc, r-devel-osx-x86_64-clang, r-devel-windows-ix86+x86_64