CRAN Package Check Results for Package mvnfast

Last updated on 2014-10-10 15:49:13.

Flavor Version Tinstall Tcheck Ttotal Status Flags
r-devel-linux-x86_64-debian-clang 0.1.3 17.38 43.66 61.05 OK
r-devel-linux-x86_64-debian-gcc 0.1.3 19.48 42.14 61.62 OK
r-devel-linux-x86_64-fedora-clang 0.1.3 131.53 OK
r-devel-linux-x86_64-fedora-gcc 0.1.3 128.08 OK
r-devel-osx-x86_64-clang 0.1.3 94.31 OK
r-devel-windows-ix86+x86_64 0.1.3 66.00 86.00 152.00 OK
r-patched-linux-x86_64 0.1.3 19.83 41.18 61.02 OK
r-patched-solaris-sparc 0.1.3 372.50 NOTE --no-vignettes
r-patched-solaris-x86 0.1.3 87.70 OK --no-vignettes
r-release-linux-ix86 0.1.3 24.22 110.08 134.30 OK
r-release-linux-x86_64 0.1.3 19.18 41.44 60.63 OK
r-release-osx-x86_64-mavericks 0.1.3 OK
r-release-osx-x86_64-snowleopard 0.1.3 OK
r-release-windows-ix86+x86_64 0.1.3 62.00 85.00 147.00 OK
r-oldrel-windows-ix86+x86_64 0.1.3 65.00 90.00 155.00 OK

Check Details

Version: 0.1.3
Flags: --no-vignettes
Check: package dependencies
Result: NOTE
    Package suggested but not available for checking: ‘microbenchmark’
Flavor: r-patched-solaris-sparc