Last updated on 2014-10-10 15:49:13.
Flavor | Version | Tinstall | Tcheck | Ttotal | Status | Flags |
---|---|---|---|---|---|---|
r-devel-linux-x86_64-debian-clang | 1.5.1 | 1.70 | 24.18 | 25.88 | NOTE | |
r-devel-linux-x86_64-debian-gcc | 1.5.1 | 1.87 | 23.79 | 25.66 | NOTE | |
r-devel-linux-x86_64-fedora-clang | 1.5.1 | 48.37 | NOTE | |||
r-devel-linux-x86_64-fedora-gcc | 1.5.1 | 44.17 | NOTE | |||
r-devel-osx-x86_64-clang | 1.5.1 | 44.31 | NOTE | |||
r-devel-windows-ix86+x86_64 | 1.5.1 | 8.00 | 43.00 | 51.00 | NOTE | |
r-patched-linux-x86_64 | 1.5.1 | 1.86 | 24.03 | 25.90 | OK | |
r-patched-solaris-sparc | 1.5.1 | 268.30 | OK | |||
r-patched-solaris-x86 | 1.5.1 | 66.60 | OK | |||
r-release-linux-ix86 | 1.5.1 | 2.54 | 31.92 | 34.45 | OK | |
r-release-linux-x86_64 | 1.5.1 | 1.79 | 23.96 | 25.75 | OK | |
r-release-osx-x86_64-mavericks | 1.5.1 | OK | ||||
r-release-osx-x86_64-snowleopard | 1.5.1 | OK | ||||
r-release-windows-ix86+x86_64 | 1.5.1 | 8.00 | 43.00 | 51.00 | OK | |
r-oldrel-windows-ix86+x86_64 | 1.5.1 | 10.00 | 47.00 | 57.00 | OK |
Version: 1.5.1
Check: R code for possible problems
Result: NOTE
pick.section: no visible binding for global variable ‘quadsarray’
Flavors: r-devel-linux-x86_64-debian-clang, r-devel-linux-x86_64-debian-gcc, r-devel-linux-x86_64-fedora-clang, r-devel-linux-x86_64-fedora-gcc, r-devel-osx-x86_64-clang, r-devel-windows-ix86+x86_64