CRAN Package Check Results for Package nlsmsn

Last updated on 2014-10-10 15:49:13.

Flavor Version Tinstall Tcheck Ttotal Status Flags
r-devel-linux-x86_64-debian-clang 0.0-4 0.58 13.36 13.94 NOTE
r-devel-linux-x86_64-debian-gcc 0.0-4 0.56 13.50 14.06 NOTE
r-devel-linux-x86_64-fedora-clang 0.0-4 27.65 NOTE
r-devel-linux-x86_64-fedora-gcc 0.0-4 25.51 NOTE
r-devel-osx-x86_64-clang 0.0-4 27.50 OK
r-devel-windows-ix86+x86_64 0.0-4 2.00 20.00 22.00 OK
r-patched-linux-x86_64 0.0-4 0.72 14.06 14.78 NOTE
r-patched-solaris-sparc 0.0-4 149.00 OK
r-patched-solaris-x86 0.0-4 38.30 OK
r-release-linux-ix86 0.0-4 0.82 19.62 20.44 OK
r-release-linux-x86_64 0.0-4 0.53 13.26 13.79 NOTE
r-release-osx-x86_64-mavericks 0.0-4 OK
r-release-windows-ix86+x86_64 0.0-4 4.00 20.00 24.00 OK
r-oldrel-windows-ix86+x86_64 0.0-4 2.00 21.00 23.00 OK

Check Details

Version: 0.0-4
Check: Rd line widths
Result: NOTE
    Rd file 'smsn.nl.Rd':
     \usage lines wider than 90 characters:
     nu = NULL, nlf = NULL, rho.func = 1, reg.type = "Homoscedastic", criteria = FALSE,
    
    These lines will be truncated in the PDF manual.
Flavors: r-devel-linux-x86_64-debian-clang, r-devel-linux-x86_64-debian-gcc, r-devel-linux-x86_64-fedora-clang, r-devel-linux-x86_64-fedora-gcc, r-patched-linux-x86_64, r-release-linux-x86_64