Last updated on 2014-10-10 15:49:13.
Flavor | Version | Tinstall | Tcheck | Ttotal | Status | Flags |
---|---|---|---|---|---|---|
r-devel-linux-x86_64-debian-clang | 0.2-4 | 3.13 | 16.23 | 19.36 | NOTE | |
r-devel-linux-x86_64-debian-gcc | 0.2-4 | 3.06 | 16.00 | 19.07 | NOTE | |
r-devel-linux-x86_64-fedora-clang | 0.2-4 | 37.34 | NOTE | |||
r-devel-linux-x86_64-fedora-gcc | 0.2-4 | 34.38 | NOTE | |||
r-devel-osx-x86_64-clang | 0.2-4 | 35.44 | NOTE | |||
r-devel-windows-ix86+x86_64 | 0.2-4 | 14.00 | 33.00 | 47.00 | NOTE | |
r-patched-linux-x86_64 | 0.2-4 | 3.06 | 19.03 | 22.10 | OK | |
r-patched-solaris-sparc | 0.2-4 | 240.00 | OK | |||
r-patched-solaris-x86 | 0.2-4 | 61.30 | OK | |||
r-release-linux-ix86 | 0.2-4 | 4.42 | 27.73 | 32.14 | OK | |
r-release-linux-x86_64 | 0.2-4 | 3.11 | 19.79 | 22.90 | OK | |
r-release-osx-x86_64-mavericks | 0.2-4 | NOTE | ||||
r-release-osx-x86_64-snowleopard | 0.2-4 | NOTE | ||||
r-release-windows-ix86+x86_64 | 0.2-4 | 14.00 | 39.00 | 53.00 | OK | |
r-oldrel-windows-ix86+x86_64 | 0.2-4 | 15.00 | 39.00 | 54.00 | OK |
Version: 0.2-4
Check: R code for possible problems
Result: NOTE
h.cv.bin.data: no visible global function definition for ‘DEoptim’
hcv.data: no visible global function definition for ‘DEoptim’
Flavors: r-devel-linux-x86_64-debian-clang, r-devel-linux-x86_64-debian-gcc, r-devel-linux-x86_64-fedora-clang, r-devel-linux-x86_64-fedora-gcc, r-devel-osx-x86_64-clang, r-devel-windows-ix86+x86_64
Version: 0.2-4
Check: package dependencies
Result: NOTE
Package suggested but not available for checking: ‘gstat’
Flavors: r-release-osx-x86_64-mavericks, r-release-osx-x86_64-snowleopard
Version: 0.2-4
Check: Rd cross-references
Result: NOTE
Package unavailable to check Rd xrefs: ‘gstat’
Flavors: r-release-osx-x86_64-mavericks, r-release-osx-x86_64-snowleopard