Last updated on 2014-10-10 15:49:14.
Flavor | Version | Tinstall | Tcheck | Ttotal | Status | Flags |
---|---|---|---|---|---|---|
r-devel-linux-x86_64-debian-clang | 0.9.1 | 0.71 | 11.60 | 12.31 | NOTE | |
r-devel-linux-x86_64-debian-gcc | 0.9.1 | 0.72 | 11.40 | 12.12 | NOTE | |
r-devel-linux-x86_64-fedora-clang | 0.9.1 | 24.82 | NOTE | |||
r-devel-linux-x86_64-fedora-gcc | 0.9.1 | 22.92 | NOTE | |||
r-devel-osx-x86_64-clang | 0.9.1 | 25.84 | NOTE | |||
r-devel-windows-ix86+x86_64 | 0.9.1 | 3.00 | 19.00 | 22.00 | NOTE | |
r-patched-linux-x86_64 | 0.9.1 | 0.72 | 11.53 | 12.24 | NOTE | |
r-patched-solaris-sparc | 0.9.1 | 164.60 | NOTE | |||
r-patched-solaris-x86 | 0.9.1 | 36.90 | NOTE | |||
r-release-linux-ix86 | 0.9.1 | 1.04 | 17.70 | 18.74 | NOTE | |
r-release-linux-x86_64 | 0.9.1 | 0.73 | 12.15 | 12.88 | NOTE | |
r-release-osx-x86_64-mavericks | 0.9.1 | NOTE | ||||
r-release-windows-ix86+x86_64 | 0.9.1 | 4.00 | 20.00 | 24.00 | NOTE | |
r-oldrel-windows-ix86+x86_64 | 0.9.1 | 3.00 | 24.00 | 27.00 | NOTE |
Version: 0.9.1
Check: top-level files
Result: NOTE
Non-standard file/directory found at top level:
‘main.R’
Flavors: r-devel-linux-x86_64-debian-clang, r-devel-linux-x86_64-debian-gcc, r-devel-linux-x86_64-fedora-clang, r-devel-linux-x86_64-fedora-gcc, r-patched-linux-x86_64, r-release-linux-x86_64
Version: 0.9.1
Check: dependencies in R code
Result: NOTE
Package in Depends field not imported from: ‘methods’
These packages need to be imported from (in the NAMESPACE file)
for when this namespace is loaded but not attached.
See the information on DESCRIPTION files in the chapter ‘Creating R
packages’ of the ‘Writing R Extensions’ manual.
Flavors: r-devel-linux-x86_64-debian-clang, r-devel-linux-x86_64-debian-gcc, r-devel-linux-x86_64-fedora-clang, r-devel-linux-x86_64-fedora-gcc, r-devel-osx-x86_64-clang, r-devel-windows-ix86+x86_64, r-patched-linux-x86_64, r-patched-solaris-sparc, r-patched-solaris-x86, r-release-linux-ix86, r-release-linux-x86_64, r-release-osx-x86_64-mavericks, r-release-windows-ix86+x86_64, r-oldrel-windows-ix86+x86_64