Last updated on 2014-10-10 15:49:14.
Flavor | Version | Tinstall | Tcheck | Ttotal | Status | Flags |
---|---|---|---|---|---|---|
r-devel-linux-x86_64-debian-clang | 0.4-0 | 4.94 | 62.54 | 67.48 | NOTE | |
r-devel-linux-x86_64-debian-gcc | 0.4-0 | 4.76 | 62.52 | 67.27 | NOTE | |
r-devel-linux-x86_64-fedora-clang | 0.4-0 | 158.29 | NOTE | |||
r-devel-linux-x86_64-fedora-gcc | 0.4-0 | 153.89 | NOTE | |||
r-devel-osx-x86_64-clang | 0.4-0 | 121.96 | NOTE | |||
r-devel-windows-ix86+x86_64 | 0.4-0 | 13.00 | 82.00 | 95.00 | NOTE | |
r-patched-linux-x86_64 | 0.4-0 | 4.89 | 66.13 | 71.02 | NOTE | |
r-patched-solaris-sparc | 0.4-0 | 871.50 | NOTE | |||
r-patched-solaris-x86 | 0.4-0 | 203.30 | NOTE | |||
r-release-linux-ix86 | 0.4-0 | 6.05 | 79.30 | 85.35 | NOTE | |
r-release-linux-x86_64 | 0.4-0 | 6.65 | 68.79 | 75.44 | NOTE | |
r-release-osx-x86_64-mavericks | 0.4-0 | NOTE | ||||
r-release-osx-x86_64-snowleopard | 0.4-0 | ERROR | ||||
r-release-windows-ix86+x86_64 | 0.4-0 | 12.00 | 94.00 | 106.00 | NOTE | |
r-oldrel-windows-ix86+x86_64 | 0.4-0 | 14.00 | 88.00 | 102.00 | NOTE |
Version: 0.4-0
Check: dependencies in R code
Result: NOTE
Package in Depends field not imported from: ‘nlme’
These packages need to be imported from (in the NAMESPACE file)
for when this namespace is loaded but not attached.
See the information on DESCRIPTION files in the chapter ‘Creating R
packages’ of the ‘Writing R Extensions’ manual.
Flavors: r-devel-linux-x86_64-debian-clang, r-devel-linux-x86_64-debian-gcc, r-devel-linux-x86_64-fedora-clang, r-devel-linux-x86_64-fedora-gcc, r-devel-osx-x86_64-clang, r-devel-windows-ix86+x86_64, r-patched-linux-x86_64, r-patched-solaris-sparc, r-patched-solaris-x86, r-release-linux-ix86, r-release-linux-x86_64, r-release-osx-x86_64-mavericks, r-release-windows-ix86+x86_64, r-oldrel-windows-ix86+x86_64
Version: 0.4-0
Check: whether package can be installed
Result: ERROR
Installation failed.
Flavor: r-release-osx-x86_64-snowleopard