Last updated on 2014-10-10 15:49:14.
Flavor | Version | Tinstall | Tcheck | Ttotal | Status | Flags |
---|---|---|---|---|---|---|
r-devel-linux-x86_64-debian-clang | 1.1-2 | 1.16 | 21.28 | 22.45 | OK | |
r-devel-linux-x86_64-debian-gcc | 1.1-2 | 1.11 | 20.49 | 21.60 | OK | |
r-devel-linux-x86_64-fedora-clang | 1.1-2 | 47.39 | OK | |||
r-devel-linux-x86_64-fedora-gcc | 1.1-2 | 46.58 | OK | |||
r-devel-osx-x86_64-clang | 1.1-2 | 46.56 | OK | |||
r-devel-windows-ix86+x86_64 | 1.1-2 | 4.00 | 34.00 | 38.00 | OK | |
r-patched-linux-x86_64 | 1.1-2 | 1.13 | 21.58 | 22.71 | OK | |
r-patched-solaris-sparc | 1.1-2 | 280.80 | OK | |||
r-patched-solaris-x86 | 1.1-2 | 61.00 | OK | |||
r-release-linux-ix86 | 1.1-2 | 1.59 | 29.13 | 30.72 | OK | |
r-release-linux-x86_64 | 1.1-2 | 1.16 | 21.51 | 22.67 | OK | |
r-release-osx-x86_64-mavericks | 1.1-2 | NOTE | ||||
r-release-osx-x86_64-snowleopard | 1.1-2 | OK | ||||
r-release-windows-ix86+x86_64 | 1.1-2 | 5.00 | 35.00 | 40.00 | OK | |
r-oldrel-windows-ix86+x86_64 | 1.1-2 | 5.00 | 47.00 | 52.00 | OK |
Version: 1.1-2
Check: re-building of vignette outputs
Result: NOTE
Error in re-building vignettes:
...
Error in texi2dvi(file = file, pdf = TRUE, clean = clean, quiet = quiet, :
Running 'texi2dvi' on 'partsm.tex' failed.
LaTeX errors:
! LaTeX Error: File `a4wide.sty' not found.
Type X to quit or <RETURN> to proceed,
or enter new name. (Default extension: sty)
./partsm.cls:47: ==> Fatal error occurred, no output PDF file produced!
Calls: buildVignettes -> texi2pdf -> texi2dvi
Execution halted
Flavor: r-release-osx-x86_64-mavericks