Last updated on 2014-10-10 15:49:14.
Flavor | Version | Tinstall | Tcheck | Ttotal | Status | Flags |
---|---|---|---|---|---|---|
r-devel-linux-x86_64-debian-clang | 0.4-1 | 4.76 | 119.90 | 124.67 | OK | |
r-devel-linux-x86_64-debian-gcc | 0.4-1 | 4.54 | 114.52 | 119.06 | OK | |
r-devel-linux-x86_64-fedora-clang | 0.4-1 | 281.55 | OK | |||
r-devel-linux-x86_64-fedora-gcc | 0.4-1 | 268.94 | OK | |||
r-devel-osx-x86_64-clang | 0.4-1 | 196.26 | OK | |||
r-devel-windows-ix86+x86_64 | 0.4-1 | 10.00 | 158.00 | 168.00 | OK | |
r-patched-linux-x86_64 | 0.4-1 | 4.80 | 130.36 | 135.16 | OK | |
r-patched-solaris-sparc | 0.4-1 | 1468.60 | OK | |||
r-patched-solaris-x86 | 0.4-1 | 331.70 | OK | |||
r-release-linux-ix86 | 0.4-1 | 6.16 | 155.36 | 161.52 | OK | |
r-release-linux-x86_64 | 0.4-1 | 4.79 | 131.80 | 136.59 | OK | |
r-release-osx-x86_64-mavericks | 0.4-1 | NOTE | ||||
r-release-osx-x86_64-snowleopard | 0.4-1 | OK | ||||
r-release-windows-ix86+x86_64 | 0.4-1 | 13.00 | 179.00 | 192.00 | OK | |
r-oldrel-windows-ix86+x86_64 | 0.4-1 | 11.00 | 179.00 | 190.00 | OK |
Version: 0.4-1
Check: re-building of vignette outputs
Result: NOTE
Error in re-building vignettes:
...
Loading required package: pbkrtest
Loading required package: MASS
Loading required package: lme4
Loading required package: Matrix
Loading required package: Rcpp
refitting model(s) with ML (instead of REML)
refitting model(s) with ML (instead of REML)
Error in texi2dvi(file = file, pdf = TRUE, clean = clean, quiet = quiet, :
Running 'texi2dvi' on 'pbkrtest-introduction.tex' failed.
LaTeX errors:
! LaTeX Error: File `boxedminipage.sty' not found.
Type X to quit or <RETURN> to proceed,
or enter new name. (Default extension: sty)
n_test/pbkrtest/vignettes/pbkrtest-introduction.tex:10: ==> Fatal error occurr
ed, no output PDF file produced!
Calls: buildVignettes -> texi2pdf -> texi2dvi
Execution halted
Flavor: r-release-osx-x86_64-mavericks