CRAN Package Check Results for Package pnmtrem

Last updated on 2014-10-10 15:49:15.

Flavor Version Tinstall Tcheck Ttotal Status Flags
r-devel-linux-x86_64-debian-clang 1.3 0.65 17.25 17.90 NOTE
r-devel-linux-x86_64-debian-gcc 1.3 0.78 17.17 17.95 NOTE
r-devel-linux-x86_64-fedora-clang 1.3 33.13 NOTE
r-devel-linux-x86_64-fedora-gcc 1.3 32.36 NOTE
r-devel-osx-x86_64-clang 1.3 32.26 NOTE
r-devel-windows-ix86+x86_64 1.3 2.00 26.00 28.00 NOTE
r-patched-linux-x86_64 1.3 0.65 18.68 19.33 NOTE
r-patched-solaris-sparc 1.3 190.10 NOTE
r-patched-solaris-x86 1.3 44.30 NOTE
r-release-linux-ix86 1.3 0.95 24.00 24.94 NOTE
r-release-linux-x86_64 1.3 0.64 17.18 17.83 NOTE
r-release-osx-x86_64-mavericks 1.3 NOTE
r-release-osx-x86_64-snowleopard 1.3 NOTE
r-release-windows-ix86+x86_64 1.3 2.00 28.00 30.00 NOTE
r-oldrel-windows-ix86+x86_64 1.3 3.00 26.00 29.00 NOTE

Check Details

Version: 1.3
Check: dependencies in R code
Result: NOTE
    'library' or 'require' call to ‘MASS’ which was already attached by Depends.
     Please remove these calls from your code.
    Package in Depends field not imported from: ‘MASS’
     These packages need to be imported from (in the NAMESPACE file)
     for when this namespace is loaded but not attached.
    See the information on DESCRIPTION files in the chapter ‘Creating R
    packages’ of the ‘Writing R Extensions’ manual.
Flavors: r-devel-linux-x86_64-debian-clang, r-devel-linux-x86_64-debian-gcc, r-devel-linux-x86_64-fedora-clang, r-devel-linux-x86_64-fedora-gcc, r-devel-osx-x86_64-clang, r-devel-windows-ix86+x86_64, r-patched-linux-x86_64, r-patched-solaris-sparc, r-patched-solaris-x86, r-release-linux-ix86, r-release-linux-x86_64, r-release-osx-x86_64-mavericks, r-release-windows-ix86+x86_64, r-oldrel-windows-ix86+x86_64

Version: 1.3
Check: R code for possible problems
Result: NOTE
    pnmtrem1: no visible global function definition for ‘ginv’
Flavors: r-devel-linux-x86_64-debian-clang, r-devel-linux-x86_64-debian-gcc, r-devel-linux-x86_64-fedora-clang, r-devel-linux-x86_64-fedora-gcc, r-devel-osx-x86_64-clang, r-devel-windows-ix86+x86_64

Version: 1.3
Check: dependencies in R code
Result: NOTE
    'library' or 'require' call to 'MASS' which was already attached by Depends.
     Please remove these calls from your code.
    See the information on DESCRIPTION files in the chapter 'Creating R
    packages' of the 'Writing R Extensions' manual.
Flavor: r-release-osx-x86_64-snowleopard