Last updated on 2014-10-10 15:49:15.
Flavor | Version | Tinstall | Tcheck | Ttotal | Status | Flags |
---|---|---|---|---|---|---|
r-devel-linux-x86_64-debian-clang | 0.1.0 | 1.04 | 14.99 | 16.03 | OK | |
r-devel-linux-x86_64-debian-gcc | 0.1.0 | 1.00 | 15.14 | 16.14 | OK | |
r-devel-linux-x86_64-fedora-clang | 0.1.0 | 32.70 | OK | |||
r-devel-linux-x86_64-fedora-gcc | 0.1.0 | 31.12 | OK | |||
r-devel-osx-x86_64-clang | 0.1.0 | 31.33 | NOTE | |||
r-devel-windows-ix86+x86_64 | 0.1.0 | 4.00 | 24.00 | 28.00 | NOTE | |
r-patched-linux-x86_64 | 0.1.0 | 1.06 | 15.37 | 16.43 | OK | |
r-patched-solaris-sparc | 0.1.0 | 176.10 | OK | |||
r-patched-solaris-x86 | 0.1.0 | 45.80 | NOTE | |||
r-release-linux-ix86 | 0.1.0 | 1.44 | 22.50 | 23.94 | OK | |
r-release-linux-x86_64 | 0.1.0 | 1.07 | 16.08 | 17.15 | OK | |
r-release-osx-x86_64-mavericks | 0.1.0 | OK | ||||
r-release-osx-x86_64-snowleopard | 0.1.0 | NOTE | ||||
r-release-windows-ix86+x86_64 | 0.1.0 | 4.00 | 26.00 | 30.00 | NOTE | |
r-oldrel-windows-ix86+x86_64 | 0.1.0 | 3.00 | 26.00 | 29.00 | NOTE |
Version: 0.1.0
Check: re-building of vignette outputs
Result: NOTE
Error in re-building vignettes:
...
Error: processing vignette 'release.Rmd' failed with diagnostics:
pandoc version 1.12.3 or higher is required and was not found.
Execution halted
Flavors: r-devel-osx-x86_64-clang, r-devel-windows-ix86+x86_64, r-patched-solaris-x86, r-release-osx-x86_64-snowleopard, r-release-windows-ix86+x86_64, r-oldrel-windows-ix86+x86_64