Last updated on 2014-10-10 15:49:15.
Flavor | Version | Tinstall | Tcheck | Ttotal | Status | Flags |
---|---|---|---|---|---|---|
r-devel-linux-x86_64-debian-clang | 0.4-1 | 1.59 | 45.08 | 46.67 | OK | |
r-devel-linux-x86_64-debian-gcc | 0.4-1 | 1.79 | 45.30 | 47.09 | OK | |
r-devel-linux-x86_64-fedora-clang | 0.4-1 | 92.98 | OK | |||
r-devel-linux-x86_64-fedora-gcc | 0.4-1 | 86.61 | OK | |||
r-devel-osx-x86_64-clang | 0.4-1 | 96.46 | OK | |||
r-devel-windows-ix86+x86_64 | 0.4-1 | 8.00 | 108.00 | 116.00 | OK | |
r-patched-linux-x86_64 | 0.4-1 | 1.80 | 47.92 | 49.71 | OK | |
r-patched-solaris-sparc | 0.4-1 | 539.60 | OK | |||
r-patched-solaris-x86 | 0.4-1 | 118.50 | OK | |||
r-release-linux-ix86 | 0.4-1 | 2.28 | 60.78 | 63.06 | OK | |
r-release-linux-x86_64 | 0.4-1 | 1.62 | 46.86 | 48.48 | OK | |
r-release-osx-x86_64-mavericks | 0.4-1 | ERROR | ||||
r-release-osx-x86_64-snowleopard | 0.4-1 | OK | ||||
r-release-windows-ix86+x86_64 | 0.4-1 | 8.00 | 114.00 | 122.00 | OK | |
r-oldrel-windows-ix86+x86_64 | 0.4-1 | 8.00 | 119.00 | 127.00 | OK |
Version: 0.4-1
Check: package dependencies
Result: ERROR
Package required but not available: ‘fftw’
See the information on DESCRIPTION files in the chapter ‘Creating R
packages’ of the ‘Writing R Extensions’ manual.
Flavor: r-release-osx-x86_64-mavericks