Last updated on 2014-10-10 15:49:17.
Flavor | Version | Tinstall | Tcheck | Ttotal | Status | Flags |
---|---|---|---|---|---|---|
r-devel-linux-x86_64-debian-clang | 0.3 | 2.33 | 23.09 | 25.42 | NOTE | |
r-devel-linux-x86_64-debian-gcc | 0.3 | 2.41 | 22.55 | 24.96 | NOTE | |
r-devel-linux-x86_64-fedora-clang | 0.3 | 40.72 | NOTE | --install=fake | ||
r-devel-linux-x86_64-fedora-gcc | 0.3 | 38.60 | NOTE | --install=fake | ||
r-devel-osx-x86_64-clang | 0.3 | 51.37 | NOTE | |||
r-patched-linux-x86_64 | 0.3 | 2.32 | 23.44 | 25.77 | NOTE | |
r-release-linux-ix86 | 0.3 | 3.04 | 29.96 | 33.00 | NOTE | |
r-release-linux-x86_64 | 0.3 | 2.38 | 23.69 | 26.06 | NOTE | |
r-release-osx-x86_64-mavericks | 0.3 | NOTE | ||||
r-release-osx-x86_64-snowleopard | 0.3 | NOTE |
Version: 0.3
Check: top-level files
Result: NOTE
Non-standard file/directory found at top level:
‘preamble.R’
Flavors: r-devel-linux-x86_64-debian-clang, r-devel-linux-x86_64-debian-gcc, r-patched-linux-x86_64, r-release-linux-x86_64
Version: 0.3
Check: R code for possible problems
Result: NOTE
setJavaRefClass : <anonymous> : <anonymous>: no visible binding for
'<<-' assignment to ‘ref’
setJavaRefClass : <anonymous> : <anonymous>: no visible binding for
global variable ‘.self’
setJavaRefClass : <anonymous> : <anonymous>: no visible global function
definition for ‘callSuper’
setJavaRefClass : <anonymous> : <anonymous>: no visible binding for
global variable ‘ref’
Flavors: r-devel-linux-x86_64-debian-clang, r-devel-linux-x86_64-debian-gcc, r-devel-osx-x86_64-clang, r-patched-linux-x86_64, r-release-linux-ix86, r-release-linux-x86_64, r-release-osx-x86_64-mavericks, r-release-osx-x86_64-snowleopard
Version: 0.3
Flags: --install=fake
Check: top-level files
Result: NOTE
Non-standard file/directory found at top level:
‘preamble.R’
Flavors: r-devel-linux-x86_64-fedora-clang, r-devel-linux-x86_64-fedora-gcc
Version: 0.3
Flags: --install=fake
Check: R code for possible problems
Result: NOTE
setJavaRefClass : <anonymous> : <anonymous>: no visible binding for
'<<-' assignment to ‘ref’
setJavaRefClass : <anonymous> : <anonymous>: no visible binding for
global variable ‘.self’
setJavaRefClass : <anonymous> : <anonymous>: no visible global function
definition for ‘callSuper’
setJavaRefClass : <anonymous> : <anonymous>: no visible binding for
global variable ‘ref’
Flavors: r-devel-linux-x86_64-fedora-clang, r-devel-linux-x86_64-fedora-gcc