Last updated on 2014-10-10 15:49:18.
Flavor | Version | Tinstall | Tcheck | Ttotal | Status | Flags |
---|---|---|---|---|---|---|
r-devel-linux-x86_64-debian-clang | 2.7 | 2.58 | 33.10 | 35.68 | NOTE | |
r-devel-linux-x86_64-debian-gcc | 2.7 | 2.51 | 33.33 | 35.84 | NOTE | |
r-devel-linux-x86_64-fedora-clang | 2.7 | 76.92 | NOTE | |||
r-devel-linux-x86_64-fedora-gcc | 2.7 | 71.04 | NOTE | |||
r-devel-osx-x86_64-clang | 2.7 | 64.81 | NOTE | |||
r-devel-windows-ix86+x86_64 | 2.7 | 10.00 | 54.00 | 64.00 | NOTE | |
r-patched-linux-x86_64 | 2.7 | 3.68 | 34.22 | 37.90 | NOTE | |
r-patched-solaris-sparc | 2.7 | 427.40 | NOTE | |||
r-patched-solaris-x86 | 2.7 | 97.70 | NOTE | |||
r-release-linux-ix86 | 2.7 | 3.34 | 42.94 | 46.28 | NOTE | |
r-release-linux-x86_64 | 2.7 | 2.70 | 35.06 | 37.77 | NOTE | |
r-release-osx-x86_64-mavericks | 2.7 | NOTE | ||||
r-release-osx-x86_64-snowleopard | 2.7 | NOTE | ||||
r-release-windows-ix86+x86_64 | 2.7 | 8.00 | 58.00 | 66.00 | NOTE | |
r-oldrel-windows-ix86+x86_64 | 2.7 | 11.00 | 58.00 | 69.00 | NOTE |
Version: 2.7
Check: dependencies in R code
Result: NOTE
'library' or 'require' call to ‘knitcitations’ which was already attached by Depends.
Please remove these calls from your code.
Package in Depends field not imported from: ‘knitcitations’
These packages need to be imported from (in the NAMESPACE file)
for when this namespace is loaded but not attached.
See the information on DESCRIPTION files in the chapter ‘Creating R
packages’ of the ‘Writing R Extensions’ manual.
Flavors: r-devel-linux-x86_64-debian-clang, r-devel-linux-x86_64-debian-gcc, r-devel-linux-x86_64-fedora-clang, r-devel-linux-x86_64-fedora-gcc, r-devel-osx-x86_64-clang, r-devel-windows-ix86+x86_64, r-patched-linux-x86_64, r-patched-solaris-sparc, r-patched-solaris-x86, r-release-linux-ix86, r-release-linux-x86_64, r-release-osx-x86_64-mavericks, r-release-windows-ix86+x86_64, r-oldrel-windows-ix86+x86_64
Version: 2.7
Check: R code for possible problems
Result: NOTE
GetCitations: no visible global function definition for ‘ref’
GetCitations: no visible global function definition for ‘write.bibtex’
Flavors: r-devel-linux-x86_64-debian-clang, r-devel-linux-x86_64-debian-gcc, r-devel-linux-x86_64-fedora-clang, r-devel-linux-x86_64-fedora-gcc, r-devel-osx-x86_64-clang, r-devel-windows-ix86+x86_64
Version: 2.7
Check: R code for possible problems
Result: NOTE
GetCitations: no visible global function definition for ‘ref’
Flavors: r-patched-linux-x86_64, r-patched-solaris-sparc, r-patched-solaris-x86, r-release-linux-ix86, r-release-linux-x86_64, r-release-windows-ix86+x86_64, r-oldrel-windows-ix86+x86_64
Version: 2.7
Check: dependencies in R code
Result: NOTE
‘library’ or ‘require’ call to ‘knitcitations’ which was already attached by Depends.
Please remove these calls from your code.
Package in Depends field not imported from: ‘knitcitations’
These packages need to be imported from for the case when
this namespace is loaded but not attached.
See the information on DESCRIPTION files in the chapter ‘Creating R
packages’ of the ‘Writing R Extensions’ manual.
Flavor: r-release-osx-x86_64-snowleopard