CRAN Package Check Results for Package rbmn

Last updated on 2014-10-10 15:49:16.

Flavor Version Tinstall Tcheck Ttotal Status Flags
r-devel-linux-x86_64-debian-clang 0.9-2 1.30 19.32 20.62 NOTE
r-devel-linux-x86_64-debian-gcc 0.9-2 1.13 18.97 20.10 NOTE
r-devel-linux-x86_64-fedora-clang 0.9-2 39.82 NOTE
r-devel-linux-x86_64-fedora-gcc 0.9-2 36.88 NOTE
r-devel-osx-x86_64-clang 0.9-2 36.62 NOTE
r-devel-windows-ix86+x86_64 0.9-2 4.00 29.00 33.00 NOTE
r-patched-linux-x86_64 0.9-2 1.25 20.02 21.28 NOTE
r-patched-solaris-sparc 0.9-2 227.40 NOTE
r-patched-solaris-x86 0.9-2 53.00 NOTE
r-release-linux-ix86 0.9-2 1.54 27.02 28.55 NOTE
r-release-linux-x86_64 0.9-2 1.19 19.70 20.89 NOTE
r-release-osx-x86_64-mavericks 0.9-2 NOTE
r-release-osx-x86_64-snowleopard 0.9-2 OK
r-release-windows-ix86+x86_64 0.9-2 3.00 30.00 33.00 NOTE
r-oldrel-windows-ix86+x86_64 0.9-2 3.00 31.00 34.00 NOTE

Check Details

Version: 0.9-2
Check: dependencies in R code
Result: NOTE
    Package in Depends field not imported from: ‘MASS’
     These packages need to be imported from (in the NAMESPACE file)
     for when this namespace is loaded but not attached.
    See the information on DESCRIPTION files in the chapter ‘Creating R
    packages’ of the ‘Writing R Extensions’ manual.
Flavors: r-devel-linux-x86_64-debian-clang, r-devel-linux-x86_64-debian-gcc, r-devel-linux-x86_64-fedora-clang, r-devel-linux-x86_64-fedora-gcc, r-devel-osx-x86_64-clang, r-devel-windows-ix86+x86_64, r-patched-linux-x86_64, r-patched-solaris-sparc, r-patched-solaris-x86, r-release-linux-ix86, r-release-linux-x86_64, r-release-osx-x86_64-mavericks, r-release-windows-ix86+x86_64, r-oldrel-windows-ix86+x86_64

Version: 0.9-2
Check: R code for possible problems
Result: NOTE
    bn2nbn: no visible binding for global variable ‘bn.fit’
    nbn2bnfit: no visible global function definition for ‘model2network’
    nbn2bnfit: no visible global function definition for ‘custom.fit’
    simulate8mn: no visible global function definition for ‘mvrnorm’
Flavors: r-devel-linux-x86_64-debian-clang, r-devel-linux-x86_64-debian-gcc, r-devel-linux-x86_64-fedora-clang, r-devel-linux-x86_64-fedora-gcc, r-devel-osx-x86_64-clang, r-devel-windows-ix86+x86_64