Last updated on 2014-10-10 15:49:16.
Flavor | Version | Tinstall | Tcheck | Ttotal | Status | Flags |
---|---|---|---|---|---|---|
r-devel-linux-x86_64-debian-clang | 1.5.8.4 | 2.60 | 20.37 | 22.96 | NOTE | |
r-devel-linux-x86_64-debian-gcc | 1.5.8.4 | 3.14 | 19.96 | 23.10 | NOTE | |
r-devel-linux-x86_64-fedora-clang | 1.5.8.4 | 45.37 | NOTE | |||
r-devel-linux-x86_64-fedora-gcc | 1.5.8.4 | 43.27 | NOTE | |||
r-devel-osx-x86_64-clang | 1.5.8.4 | 43.12 | NOTE | |||
r-devel-windows-ix86+x86_64 | 1.5.8.4 | 9.00 | 32.00 | 41.00 | NOTE | |
r-patched-linux-x86_64 | 1.5.8.4 | 3.99 | 20.74 | 24.74 | NOTE | |
r-patched-solaris-sparc | 1.5.8.4 | 254.10 | NOTE | |||
r-patched-solaris-x86 | 1.5.8.4 | 69.50 | NOTE | |||
r-release-linux-ix86 | 1.5.8.4 | 3.71 | 27.14 | 30.85 | NOTE | |
r-release-linux-x86_64 | 1.5.8.4 | 2.75 | 20.76 | 23.51 | NOTE | |
r-release-osx-x86_64-mavericks | 1.5.8.4 | NOTE | ||||
r-release-osx-x86_64-snowleopard | 1.5.8.4 | NOTE | ||||
r-release-windows-ix86+x86_64 | 1.5.8.4 | 7.00 | 31.00 | 38.00 | NOTE | |
r-oldrel-windows-ix86+x86_64 | 1.5.8.4 | 8.00 | 28.00 | 36.00 | NOTE |
Version: 1.5.8.4
Check: installed package size
Result: NOTE
installed size is 20.0Mb
sub-directories of 1Mb or more:
cont 19.9Mb
Flavors: r-devel-linux-x86_64-debian-clang, r-devel-linux-x86_64-debian-gcc, r-devel-linux-x86_64-fedora-clang, r-devel-linux-x86_64-fedora-gcc, r-devel-osx-x86_64-clang, r-devel-windows-ix86+x86_64, r-patched-linux-x86_64, r-patched-solaris-sparc, r-patched-solaris-x86, r-release-linux-ix86, r-release-linux-x86_64, r-release-osx-x86_64-mavericks, r-release-osx-x86_64-snowleopard, r-release-windows-ix86+x86_64, r-oldrel-windows-ix86+x86_64