CRAN Package Check Results for Package repra

Last updated on 2014-10-10 15:49:17.

Flavor Version Tinstall Tcheck Ttotal Status Flags
r-devel-linux-x86_64-debian-clang 0.4.2 8.37 49.91 58.28 OK
r-devel-linux-x86_64-debian-gcc 0.4.2 9.63 49.46 59.09 OK
r-devel-linux-x86_64-fedora-clang 0.4.2 124.35 OK
r-devel-linux-x86_64-fedora-gcc 0.4.2 61.85 OK
r-devel-osx-x86_64-clang 0.4.2 59.23 OK
r-devel-windows-ix86+x86_64 0.4.2 29.00 101.00 130.00 OK
r-patched-linux-x86_64 0.4.2 11.37 52.03 63.40 OK
r-patched-solaris-sparc 0.4.2 747.70 OK
r-patched-solaris-x86 0.4.2 168.70 OK
r-release-linux-ix86 0.4.1 12.35 66.35 78.70 WARN
r-release-linux-x86_64 0.4.2 9.82 54.27 64.09 OK
r-release-osx-x86_64-mavericks 0.4.2 ERROR
r-release-osx-x86_64-snowleopard 0.4.2 OK
r-release-windows-ix86+x86_64 0.4.2 30.00 123.00 153.00 OK

Check Details

Version: 0.4.1
Check: examples
Result: WARN
    Found the following significant warnings:
    
     Warning: 'regroup' is deprecated.
     Warning: 'regroup' is deprecated.
     Warning: 'regroup' is deprecated.
     Warning: 'regroup' is deprecated.
     Warning: 'regroup' is deprecated.
     Warning: 'regroup' is deprecated.
     Warning: 'regroup' is deprecated.
     Warning: 'regroup' is deprecated.
     Warning: 'regroup' is deprecated.
     Warning: 'regroup' is deprecated.
     Warning: 'regroup' is deprecated.
     Warning: 'regroup' is deprecated.
     Warning: 'regroup' is deprecated.
     Warning: 'regroup' is deprecated.
     Warning: 'regroup' is deprecated.
     Warning: 'regroup' is deprecated.
     Warning: 'regroup' is deprecated.
     Warning: 'regroup' is deprecated.
     Warning: 'regroup' is deprecated.
    Deprecated functions may be defunct as soon as of the next release of
    R.
    See ?Deprecated.
Flavor: r-release-linux-ix86

Version: 0.4.2
Check: package dependencies
Result: ERROR
    Package required and available but unsuitable version: ‘dplyr’
    
    See the information on DESCRIPTION files in the chapter ‘Creating R
    packages’ of the ‘Writing R Extensions’ manual.
Flavor: r-release-osx-x86_64-mavericks