Last updated on 2014-10-10 15:49:17.
Flavor | Version | Tinstall | Tcheck | Ttotal | Status | Flags |
---|---|---|---|---|---|---|
r-devel-linux-x86_64-debian-clang | 2.1.20 | 9.71 | 21.32 | 31.03 | NOTE | |
r-devel-linux-x86_64-debian-gcc | 2.1.20 | 9.30 | 20.12 | 29.42 | NOTE | |
r-devel-linux-x86_64-fedora-clang | 2.1.20 | 65.71 | NOTE | |||
r-devel-linux-x86_64-fedora-gcc | 2.1.20 | 58.23 | NOTE | |||
r-devel-osx-x86_64-clang | 2.1.20 | 53.26 | NOTE | |||
r-devel-windows-ix86+x86_64 | 2.1.20 | 86.00 | 54.00 | 140.00 | NOTE | |
r-patched-linux-x86_64 | 2.1.20 | 9.63 | 21.37 | 31.00 | OK | |
r-release-linux-ix86 | 2.1.20 | 12.98 | 32.32 | 45.30 | OK | |
r-release-linux-x86_64 | 2.1.20 | 9.44 | 22.11 | 31.55 | OK | |
r-release-osx-x86_64-mavericks | 2.1.20 | ERROR | ||||
r-release-osx-x86_64-snowleopard | 2.1.20 | ERROR | ||||
r-release-windows-ix86+x86_64 | 2.1.20 | 86.00 | 51.00 | 137.00 | OK | |
r-oldrel-windows-ix86+x86_64 | 2.1.20 | 95.00 | 56.00 | 151.00 | OK |
Version: 2.1.20
Check: R code for possible problems
Result: NOTE
ggobi_pcp: no visible global function definition for ‘melt’
ggobi_pcp: no visible global function definition for ‘rescaler’
Flavors: r-devel-linux-x86_64-debian-clang, r-devel-linux-x86_64-debian-gcc, r-devel-linux-x86_64-fedora-clang, r-devel-linux-x86_64-fedora-gcc, r-devel-osx-x86_64-clang, r-devel-windows-ix86+x86_64
Version: 2.1.20
Check: package dependencies
Result: ERROR
Package required but not available: ‘RGtk2’
See the information on DESCRIPTION files in the chapter ‘Creating R
packages’ of the ‘Writing R Extensions’ manual.
Flavor: r-release-osx-x86_64-mavericks
Version: 2.1.20
Check: whether package can be installed
Result: ERROR
Installation failed.
See ‘/Volumes/XT3/Builds/R-dev-web/QA/Simon/packages/snowleopard-x86_64/results/3.1/rggobi.Rcheck/00install.out’ for details.
* pre-conf. environment: (PKG_CFLAGS=, PKG_CPPFLAGS=, PKG_LIBS=)
Flavor: r-release-osx-x86_64-snowleopard