CRAN Package Check Results for Package rgr

Last updated on 2014-10-10 15:49:17.

Flavor Version Tinstall Tcheck Ttotal Status Flags
r-devel-linux-x86_64-debian-clang 1.1.9 2.42 39.32 41.73 NOTE
r-devel-linux-x86_64-debian-gcc 1.1.9 2.20 35.97 38.17 NOTE
r-devel-linux-x86_64-fedora-clang 1.1.9 76.14 NOTE
r-devel-linux-x86_64-fedora-gcc 1.1.9 68.74 NOTE
r-devel-osx-x86_64-clang 1.1.9 61.93 NOTE
r-devel-windows-ix86+x86_64 1.1.9 7.00 51.00 58.00 NOTE
r-patched-linux-x86_64 1.1.9 3.29 37.80 41.09 NOTE
r-patched-solaris-sparc 1.1.9 432.30 NOTE
r-patched-solaris-x86 1.1.9 93.50 NOTE
r-release-linux-ix86 1.1.9 2.85 47.03 49.88 NOTE
r-release-linux-x86_64 1.1.9 2.22 38.45 40.67 NOTE
r-release-osx-x86_64-mavericks 1.1.9 NOTE
r-release-osx-x86_64-snowleopard 1.1.9 OK
r-release-windows-ix86+x86_64 1.1.9 7.00 54.00 61.00 NOTE
r-oldrel-windows-ix86+x86_64 1.1.9 7.00 55.00 62.00 NOTE

Check Details

Version: 1.1.9
Check: dependencies in R code
Result: NOTE
    Packages in Depends field not imported from:
     ‘MASS’ ‘fastICA’
     These packages need to be imported from (in the NAMESPACE file)
     for when this namespace is loaded but not attached.
    See the information on DESCRIPTION files in the chapter ‘Creating R
    packages’ of the ‘Writing R Extensions’ manual.
Flavors: r-devel-linux-x86_64-debian-clang, r-devel-linux-x86_64-debian-gcc, r-devel-linux-x86_64-fedora-clang, r-devel-linux-x86_64-fedora-gcc, r-devel-osx-x86_64-clang, r-devel-windows-ix86+x86_64, r-patched-linux-x86_64, r-patched-solaris-sparc, r-patched-solaris-x86, r-release-linux-ix86, r-release-linux-x86_64, r-release-osx-x86_64-mavericks, r-release-windows-ix86+x86_64, r-oldrel-windows-ix86+x86_64

Version: 1.1.9
Check: R code for possible problems
Result: NOTE
    caplot: no visible global function definition for ‘interp’
    caplot: no visible global function definition for ‘eqscplot’
    gx.2dproj: no visible global function definition for ‘sammon’
    gx.2dproj: no visible global function definition for ‘isoMDS’
    gx.2dproj: no visible global function definition for ‘fastICA’
    gx.md.gait: no visible global function definition for ‘cov.mcd’
    gx.md.gait.closed: no visible global function definition for ‘cov.mcd’
    gx.md.gait.closed: no visible global function definition for ‘ginv’
    gx.mva.closed: no visible global function definition for ‘ginv’
    gx.robmva: no visible global function definition for ‘cov.mve’
    gx.robmva: no visible global function definition for ‘cov.mcd’
    gx.robmva: no visible global function definition for ‘ginv’
    gx.robmva.closed: no visible global function definition for ‘cov.mve’
    gx.robmva.closed: no visible global function definition for ‘cov.mcd’
    gx.robmva.closed: no visible global function definition for ‘ginv’
    map.eda7: no visible global function definition for ‘eqscplot’
    map.eda8: no visible global function definition for ‘eqscplot’
    map.tags: no visible global function definition for ‘eqscplot’
    map.z: no visible global function definition for ‘eqscplot’
    
    Found the following calls to data() loading into the global environment:
    File ‘rgr/R/df.test.R’:
     data(dfn)
    See section ‘Good practice’ in ‘?data’.
Flavors: r-devel-linux-x86_64-debian-clang, r-devel-linux-x86_64-debian-gcc, r-devel-linux-x86_64-fedora-clang, r-devel-osx-x86_64-clang

Version: 1.1.9
Check: R code for possible problems
Result: NOTE
    caplot: no visible global function definition for ‘interp’
    caplot: no visible global function definition for ‘eqscplot’
    gx.2dproj: no visible global function definition for ‘sammon’
    gx.2dproj: no visible global function definition for ‘isoMDS’
    gx.2dproj: no visible global function definition for ‘fastICA’
    gx.md.gait: no visible global function definition for ‘cov.mcd’
    gx.md.gait.closed: no visible global function definition for ‘cov.mcd’
    gx.md.gait.closed: no visible global function definition for ‘ginv’
    gx.mva.closed: no visible global function definition for ‘ginv’
    gx.robmva: no visible global function definition for ‘cov.mve’
    gx.robmva: no visible global function definition for ‘cov.mcd’
    gx.robmva: no visible global function definition for ‘ginv’
    gx.robmva.closed: no visible global function definition for ‘cov.mve’
    gx.robmva.closed: no visible global function definition for ‘cov.mcd’
    gx.robmva.closed: no visible global function definition for ‘ginv’
    map.eda7: no visible global function definition for ‘eqscplot’
    map.eda8: no visible global function definition for ‘eqscplot’
    map.tags: no visible global function definition for ‘eqscplot’
    map.z: no visible global function definition for ‘eqscplot’
Flavors: r-devel-linux-x86_64-fedora-gcc, r-devel-windows-ix86+x86_64

Version: 1.1.9
Check: R code for possible problems
Result: NOTE
    Found the following calls to data() loading into the global environment:
    File ‘rgr/R/df.test.R’:
     data(dfn)
    See section ‘Good practice’ in ‘?data’.
Flavors: r-patched-linux-x86_64, r-release-linux-ix86, r-release-linux-x86_64