Last updated on 2014-10-10 15:49:17.
Flavor | Version | Tinstall | Tcheck | Ttotal | Status | Flags |
---|---|---|---|---|---|---|
r-devel-linux-x86_64-debian-clang | 1.1-4 | 0.75 | 20.36 | 21.10 | NOTE | |
r-devel-linux-x86_64-debian-gcc | 1.1-4 | 0.76 | 19.34 | 20.10 | NOTE | |
r-devel-linux-x86_64-fedora-clang | 1.1-4 | 42.38 | NOTE | |||
r-devel-linux-x86_64-fedora-gcc | 1.1-4 | 38.99 | NOTE | |||
r-devel-osx-x86_64-clang | 1.1-4 | 38.24 | NOTE | |||
r-devel-windows-ix86+x86_64 | 1.1-4 | 3.00 | 28.00 | 31.00 | NOTE | |
r-patched-linux-x86_64 | 1.1-4 | 0.76 | 20.34 | 21.10 | NOTE | |
r-patched-solaris-sparc | 1.1-4 | 242.70 | NOTE | |||
r-patched-solaris-x86 | 1.1-4 | 56.10 | NOTE | |||
r-release-linux-ix86 | 1.1-4 | 1.16 | 33.17 | 34.32 | NOTE | |
r-release-linux-x86_64 | 1.1-4 | 0.82 | 20.76 | 21.58 | NOTE | |
r-release-osx-x86_64-mavericks | 1.1-4 | NOTE | ||||
r-release-osx-x86_64-snowleopard | 1.1-4 | WARN | ||||
r-release-windows-ix86+x86_64 | 1.1-4 | 3.00 | 35.00 | 38.00 | NOTE | |
r-oldrel-windows-ix86+x86_64 | 1.1-4 | 3.00 | 38.00 | 41.00 | NOTE |
Version: 1.1-4
Check: dependencies in R code
Result: NOTE
Package in Depends field not imported from: ‘robustbase’
These packages need to be imported from (in the NAMESPACE file)
for when this namespace is loaded but not attached.
See the information on DESCRIPTION files in the chapter ‘Creating R
packages’ of the ‘Writing R Extensions’ manual.
Flavors: r-devel-linux-x86_64-debian-clang, r-devel-linux-x86_64-debian-gcc, r-devel-linux-x86_64-fedora-clang, r-devel-linux-x86_64-fedora-gcc, r-devel-osx-x86_64-clang, r-devel-windows-ix86+x86_64, r-patched-linux-x86_64, r-patched-solaris-sparc, r-patched-solaris-x86, r-release-linux-ix86, r-release-linux-x86_64, r-release-osx-x86_64-mavericks, r-release-windows-ix86+x86_64, r-oldrel-windows-ix86+x86_64
Version: 1.1-4
Check: dependencies in R code
Result: NOTE
Package in Depends field not imported from: 'robustbase'
These packages need to be imported from for the case when
this namespace is loaded but not attached.
See the information on DESCRIPTION files in the chapter 'Creating R
packages' of the 'Writing R Extensions' manual.
Flavor: r-release-osx-x86_64-snowleopard
Version: 1.1-4
Check: examples
Result: WARN
checking a package with encoding 'UTF-8' in an ASCII locale
OK
Flavor: r-release-osx-x86_64-snowleopard