CRAN Package Check Results for Package safeBinaryRegression

Last updated on 2014-10-10 15:49:18.

Flavor Version Tinstall Tcheck Ttotal Status Flags
r-devel-linux-x86_64-debian-clang 0.1-3 0.74 10.10 10.84 NOTE
r-devel-linux-x86_64-debian-gcc 0.1-3 0.57 10.02 10.59 NOTE
r-devel-linux-x86_64-fedora-clang 0.1-3 20.27 NOTE
r-devel-linux-x86_64-fedora-gcc 0.1-3 18.86 NOTE
r-devel-osx-x86_64-clang 0.1-3 22.60 NOTE
r-devel-windows-ix86+x86_64 0.1-3 3.00 17.00 20.00 NOTE
r-patched-linux-x86_64 0.1-3 0.59 9.42 10.02 NOTE
r-patched-solaris-sparc 0.1-3 129.00 NOTE
r-patched-solaris-x86 0.1-3 29.50 NOTE
r-release-linux-ix86 0.1-3 0.86 15.29 16.15 NOTE
r-release-linux-x86_64 0.1-3 0.55 9.68 10.22 NOTE
r-release-osx-x86_64-mavericks 0.1-3 NOTE
r-release-osx-x86_64-snowleopard 0.1-3 OK
r-release-windows-ix86+x86_64 0.1-3 3.00 21.00 24.00 NOTE
r-oldrel-windows-ix86+x86_64 0.1-3 3.00 17.00 20.00 NOTE

Check Details

Version: 0.1-3
Check: dependencies in R code
Result: NOTE
    Package in Depends field not imported from: ‘lpSolveAPI’
     These packages need to be imported from (in the NAMESPACE file)
     for when this namespace is loaded but not attached.
    See the information on DESCRIPTION files in the chapter ‘Creating R
    packages’ of the ‘Writing R Extensions’ manual.
Flavors: r-devel-linux-x86_64-debian-clang, r-devel-linux-x86_64-debian-gcc, r-devel-linux-x86_64-fedora-clang, r-devel-linux-x86_64-fedora-gcc, r-devel-osx-x86_64-clang, r-devel-windows-ix86+x86_64, r-patched-linux-x86_64, r-patched-solaris-sparc, r-patched-solaris-x86, r-release-linux-ix86, r-release-linux-x86_64, r-release-osx-x86_64-mavericks, r-release-windows-ix86+x86_64, r-oldrel-windows-ix86+x86_64

Version: 0.1-3
Check: R code for possible problems
Result: NOTE
    separator: no visible global function definition for ‘make.lp’
    separator: no visible global function definition for ‘set.column’
    separator: no visible global function definition for ‘set.rhs’
    separator: no visible global function definition for ‘set.constr.type’
    separator: no visible global function definition for ‘set.objfn’
    separator: no visible global function definition for ‘set.bounds’
    separator: no visible global function definition for ‘lp.control’
    separator: no visible global function definition for ‘get.variables’
    separator: no visible global function definition for ‘set.basis’
    separator: no visible global function definition for
     ‘get.dual.solution’
Flavors: r-devel-linux-x86_64-debian-clang, r-devel-linux-x86_64-debian-gcc, r-devel-linux-x86_64-fedora-clang, r-devel-linux-x86_64-fedora-gcc, r-devel-osx-x86_64-clang, r-devel-windows-ix86+x86_64