Last updated on 2014-10-10 15:49:18.
Flavor | Version | Tinstall | Tcheck | Ttotal | Status | Flags |
---|---|---|---|---|---|---|
r-devel-linux-x86_64-debian-clang | 1.2.0 | 1.04 | 17.16 | 18.20 | NOTE | |
r-devel-linux-x86_64-debian-gcc | 1.2.0 | 0.99 | 17.64 | 18.63 | NOTE | |
r-devel-linux-x86_64-fedora-clang | 1.2.0 | 36.21 | NOTE | |||
r-devel-linux-x86_64-fedora-gcc | 1.2.0 | 33.60 | NOTE | |||
r-devel-osx-x86_64-clang | 1.2.0 | 34.80 | NOTE | |||
r-devel-windows-ix86+x86_64 | 1.2.0 | 5.00 | 29.00 | 34.00 | NOTE | |
r-patched-linux-x86_64 | 1.2.0 | 1.18 | 16.96 | 18.15 | NOTE | |
r-patched-solaris-sparc | 1.2.0 | 202.20 | NOTE | |||
r-patched-solaris-x86 | 1.2.0 | 51.20 | NOTE | |||
r-release-linux-ix86 | 1.2.0 | 1.48 | 24.69 | 26.17 | NOTE | |
r-release-linux-x86_64 | 1.2.0 | 1.04 | 17.61 | 18.64 | NOTE | |
r-release-osx-x86_64-mavericks | 1.2.0 | NOTE | ||||
r-release-osx-x86_64-snowleopard | 1.2.0 | OK | ||||
r-release-windows-ix86+x86_64 | 1.2.0 | 4.00 | 32.00 | 36.00 | NOTE | |
r-oldrel-windows-ix86+x86_64 | 1.2.0 | 5.00 | 29.00 | 34.00 | NOTE |
Version: 1.2.0
Check: dependencies in R code
Result: NOTE
Packages in Depends field not imported from:
‘pps’ ‘sampling’ ‘survey’
These packages need to be imported from (in the NAMESPACE file)
for when this namespace is loaded but not attached.
See the information on DESCRIPTION files in the chapter ‘Creating R
packages’ of the ‘Writing R Extensions’ manual.
Flavors: r-devel-linux-x86_64-debian-clang, r-devel-linux-x86_64-debian-gcc, r-devel-linux-x86_64-fedora-clang, r-devel-linux-x86_64-fedora-gcc, r-devel-osx-x86_64-clang, r-devel-windows-ix86+x86_64, r-patched-linux-x86_64, r-patched-solaris-sparc, r-patched-solaris-x86, r-release-linux-ix86, r-release-linux-x86_64, r-release-osx-x86_64-mavericks, r-release-windows-ix86+x86_64, r-oldrel-windows-ix86+x86_64
Version: 1.2.0
Check: R code for possible problems
Result: NOTE
pps.sampling: no visible global function definition for ‘sampfordpi’
pps.sampling: no visible global function definition for ‘sampford’
pps.sampling: no visible global function definition for
‘inclusionprobabilities’
pps.sampling: no visible global function definition for ‘UPtillepi2’
pps.sampling: no visible global function definition for ‘UPtille’
pps.sampling: no visible global function definition for ‘UPmidzunopi2’
pps.sampling: no visible global function definition for ‘UPmidzuno’
pps.sampling: no visible global function definition for
‘UPsystematicpi2’
pps.sampling: no visible global function definition for ‘UPsystematic’
Flavors: r-devel-linux-x86_64-debian-clang, r-devel-linux-x86_64-debian-gcc, r-devel-linux-x86_64-fedora-clang, r-devel-linux-x86_64-fedora-gcc, r-devel-osx-x86_64-clang, r-devel-windows-ix86+x86_64