Last updated on 2014-10-10 15:49:19.
Flavor | Version | Tinstall | Tcheck | Ttotal | Status | Flags |
---|---|---|---|---|---|---|
r-devel-linux-x86_64-debian-clang | 2.9.0 | 26.57 | 165.02 | 191.59 | OK | |
r-devel-linux-x86_64-debian-gcc | 2.9.0 | 27.86 | 161.64 | 189.50 | OK | |
r-devel-linux-x86_64-fedora-clang | 2.9.0 | 445.81 | OK | |||
r-devel-linux-x86_64-fedora-gcc | 2.9.0 | 428.07 | OK | |||
r-devel-osx-x86_64-clang | 2.9.0 | 294.48 | OK | |||
r-devel-windows-ix86+x86_64 | 2.9.0 | 54.00 | 252.00 | 306.00 | OK | |
r-patched-linux-x86_64 | 2.9.0 | 28.42 | 168.70 | 197.12 | OK | |
r-patched-solaris-sparc | 2.9.0 | 1778.10 | NOTE | --no-examples | ||
r-patched-solaris-x86 | 2.9.0 | 522.80 | NOTE | |||
r-release-linux-ix86 | 2.9.0 | 38.16 | 194.31 | 232.46 | OK | |
r-release-linux-x86_64 | 2.9.0 | 28.69 | 168.41 | 197.10 | OK | |
r-release-osx-x86_64-mavericks | 2.9.0 | ERROR | ||||
r-release-osx-x86_64-snowleopard | 2.9.0 | OK | ||||
r-release-windows-ix86+x86_64 | 2.9.0 | 60.00 | 278.00 | 338.00 | OK | |
r-oldrel-windows-ix86+x86_64 | 2.9.0 | 53.00 | 268.00 | 321.00 | OK |
Version: 2.9.0
Flags: --no-examples
Check: installed package size
Result: NOTE
installed size is 5.1Mb
sub-directories of 1Mb or more:
data 1.0Mb
doc 2.4Mb
Flavor: r-patched-solaris-sparc
Version: 2.9.0
Check: installed package size
Result: NOTE
installed size is 5.1Mb
sub-directories of 1Mb or more:
data 1.0Mb
doc 2.4Mb
Flavor: r-patched-solaris-x86
Version: 2.9.0
Check: package dependencies
Result: NOTE
Packages suggested but not available for checking:
‘spsurvey’ ‘rgdal’ ‘rgeos’
Flavor: r-release-osx-x86_64-mavericks
Version: 2.9.0
Check: Rd cross-references
Result: NOTE
Package unavailable to check Rd xrefs: ‘rgdal’
Flavor: r-release-osx-x86_64-mavericks
Version: 2.9.0
Check: examples
Result: ERROR
Running examples in ‘secr-Ex.R’ failed
The error most likely occurred in:
> ### Name: trap.builder
> ### Title: Complex Detector Layouts
> ### Aliases: trap.builder mash cluster.counts cluster.centres
> ### Keywords: manip
>
> ### ** Examples
>
>
> ## solitary detectors placed randomly within a rectangle
> tempgrid <- trap.builder (n = 10, method = "SRS",
+ region = cbind(x = c(0,1000,1000,0),
+ y = c(0,0,1000,1000)), plt = TRUE)
>
> ## GRTS sample of mini-grids within a rectangle
> ## edgemethod = "allinside" avoids truncation at edge
> minigrid <- make.grid(nx = 3, ny = 3, spacing = 50,
+ detector = "proximity")
> tempgrid <- trap.builder (n = 20, cluster = minigrid,
+ method = "GRTS", edgemethod = "allinside", region =
+ cbind(x = c(0,6000,6000,0), y = c(0,0,6000,6000)),
+ plt = TRUE)
Error in loadNamespace(name) : there is no package called ‘spsurvey’
Calls: trap.builder ... tryCatch -> tryCatchList -> tryCatchOne -> <Anonymous>
Execution halted
Flavor: r-release-osx-x86_64-mavericks