Last updated on 2014-10-10 15:49:19.
Flavor | Version | Tinstall | Tcheck | Ttotal | Status | Flags |
---|---|---|---|---|---|---|
r-devel-linux-x86_64-debian-clang | 1.7.6 | 3.69 | 87.01 | 90.70 | OK | |
r-devel-linux-x86_64-debian-gcc | 1.7.6 | 4.03 | 87.88 | 91.91 | OK | |
r-devel-linux-x86_64-fedora-clang | 1.7.6 | 186.45 | OK | |||
r-devel-linux-x86_64-fedora-gcc | 1.7.6 | 178.15 | OK | |||
r-devel-osx-x86_64-clang | 1.7.6 | 141.59 | OK | |||
r-devel-windows-ix86+x86_64 | 1.7.6 | 13.00 | 169.00 | 182.00 | NOTE | |
r-patched-linux-x86_64 | 1.7.6 | 3.84 | 88.46 | 92.30 | OK | |
r-patched-solaris-sparc | 1.7.6 | 1030.00 | OK | |||
r-patched-solaris-x86 | 1.7.6 | 229.30 | OK | |||
r-release-linux-ix86 | 1.7.6 | 4.64 | 110.16 | 114.80 | OK | |
r-release-linux-x86_64 | 1.7.6 | 3.81 | 90.47 | 94.28 | OK | |
r-release-osx-x86_64-mavericks | 1.7.6 | ERROR | ||||
r-release-osx-x86_64-snowleopard | 1.7.6 | NOTE | ||||
r-release-windows-ix86+x86_64 | 1.7.6 | 12.00 | 186.00 | 198.00 | NOTE | |
r-oldrel-windows-ix86+x86_64 | 1.7.6 | 13.00 | 178.00 | 191.00 | NOTE |
Memtest notes: valgrind
Version: 1.7.6
Check: installed package size
Result: NOTE
installed size is 5.3Mb
sub-directories of 1Mb or more:
doc 2.0Mb
libs 2.4Mb
Flavors: r-devel-windows-ix86+x86_64, r-release-osx-x86_64-snowleopard, r-release-windows-ix86+x86_64, r-oldrel-windows-ix86+x86_64
Version: 1.7.6
Check: package dependencies
Result: ERROR
Package required but not available: ‘fftw’
See the information on DESCRIPTION files in the chapter ‘Creating R
packages’ of the ‘Writing R Extensions’ manual.
Flavor: r-release-osx-x86_64-mavericks