CRAN Package Check Results for Package semTools

Last updated on 2014-10-10 15:49:19.

Flavor Version Tinstall Tcheck Ttotal Status Flags
r-devel-linux-x86_64-debian-clang 0.4-6 2.36 104.09 106.44 NOTE
r-devel-linux-x86_64-debian-gcc 0.4-6 2.13 102.64 104.77 NOTE
r-devel-linux-x86_64-fedora-clang 0.4-6 218.73 NOTE
r-devel-linux-x86_64-fedora-gcc 0.4-6 202.45 NOTE
r-devel-osx-x86_64-clang 0.4-6 159.59 NOTE
r-devel-windows-ix86+x86_64 0.4-6 6.00 123.00 129.00 NOTE
r-patched-linux-x86_64 0.4-6 2.30 106.92 109.22 NOTE
r-patched-solaris-sparc 0.4-6 1164.80 NOTE
r-patched-solaris-x86 0.4-6 246.60 NOTE
r-release-linux-ix86 0.4-6 2.88 132.10 134.98 NOTE
r-release-linux-x86_64 0.4-6 2.29 106.86 109.16 NOTE
r-release-osx-x86_64-mavericks 0.4-6 NOTE
r-release-osx-x86_64-snowleopard 0.4-6 NOTE
r-release-windows-ix86+x86_64 0.4-6 7.00 152.00 159.00 NOTE
r-oldrel-windows-ix86+x86_64 0.4-6 7.00 146.00 153.00 NOTE

Check Details

Version: 0.4-6
Check: package dependencies
Result: NOTE
    Package suggested but not available for checking: ‘OpenMx’
Flavors: r-devel-linux-x86_64-debian-clang, r-devel-linux-x86_64-debian-gcc, r-devel-linux-x86_64-fedora-clang, r-devel-linux-x86_64-fedora-gcc, r-devel-osx-x86_64-clang, r-devel-windows-ix86+x86_64, r-patched-linux-x86_64, r-patched-solaris-sparc, r-patched-solaris-x86, r-release-linux-ix86, r-release-linux-x86_64, r-release-osx-x86_64-mavericks, r-release-osx-x86_64-snowleopard, r-release-windows-ix86+x86_64, r-oldrel-windows-ix86+x86_64