Last updated on 2014-10-10 15:49:19.
Flavor | Version | Tinstall | Tcheck | Ttotal | Status | Flags |
---|---|---|---|---|---|---|
r-devel-linux-x86_64-debian-clang | 1.0-4 | 1.47 | 21.71 | 23.18 | NOTE | |
r-devel-linux-x86_64-debian-gcc | 1.0-4 | 1.52 | 21.04 | 22.56 | NOTE | |
r-devel-linux-x86_64-fedora-clang | 1.0-4 | 48.64 | NOTE | |||
r-devel-linux-x86_64-fedora-gcc | 1.0-4 | 44.24 | NOTE | |||
r-devel-osx-x86_64-clang | 1.0-4 | 42.09 | NOTE | |||
r-devel-windows-ix86+x86_64 | 1.0-4 | 6.00 | 38.00 | 44.00 | NOTE | |
r-patched-linux-x86_64 | 1.0-4 | 1.56 | 21.26 | 22.82 | OK | |
r-patched-solaris-sparc | 1.0-4 | 270.40 | OK | |||
r-patched-solaris-x86 | 1.0-4 | 71.30 | OK | |||
r-release-linux-ix86 | 1.0-4 | 2.07 | 29.23 | 31.30 | OK | |
r-release-linux-x86_64 | 1.0-4 | 1.70 | 21.93 | 23.63 | OK | |
r-release-osx-x86_64-mavericks | 1.0-4 | OK | ||||
r-release-osx-x86_64-snowleopard | 1.0-4 | OK | ||||
r-release-windows-ix86+x86_64 | 1.0-4 | 7.00 | 40.00 | 47.00 | OK | |
r-oldrel-windows-ix86+x86_64 | 1.0-4 | 7.00 | 40.00 | 47.00 | OK |
Version: 1.0-4
Check: package namespace information
Result: NOTE
Namespaces with empty importFrom:
‘Formula’ ‘dclone’ ‘dcmle’ ‘methods’
Flavors: r-devel-linux-x86_64-debian-clang, r-devel-linux-x86_64-debian-gcc, r-devel-linux-x86_64-fedora-clang, r-devel-linux-x86_64-fedora-gcc, r-devel-osx-x86_64-clang, r-devel-windows-ix86+x86_64
Version: 1.0-4
Check: R code for possible problems
Result: NOTE
hsarx: no visible global function definition for ‘dcmle’
make_hsarx: no visible global function definition for ‘makeDcFit’
make_hsarx: no visible global function definition for ‘dcdim’
parse_hsarx: no visible global function definition for ‘Formula’
Flavors: r-devel-linux-x86_64-debian-clang, r-devel-linux-x86_64-debian-gcc, r-devel-linux-x86_64-fedora-clang, r-devel-linux-x86_64-fedora-gcc, r-devel-osx-x86_64-clang, r-devel-windows-ix86+x86_64