Last updated on 2014-10-10 15:49:20.
Flavor | Version | Tinstall | Tcheck | Ttotal | Status | Flags |
---|---|---|---|---|---|---|
r-devel-linux-x86_64-debian-clang | 1.3-8 | 0.84 | 300.92 | 301.76 | NOTE | |
r-devel-linux-x86_64-debian-gcc | 1.3-8 | 0.72 | 284.99 | 285.71 | NOTE | |
r-devel-linux-x86_64-fedora-clang | 1.3-8 | 102.41 | NOTE | |||
r-devel-linux-x86_64-fedora-gcc | 1.3-8 | 95.72 | NOTE | |||
r-devel-osx-x86_64-clang | 1.3-8 | 265.61 | NOTE | |||
r-devel-windows-ix86+x86_64 | 1.3-8 | 3.00 | 286.00 | 289.00 | NOTE | |
r-patched-linux-x86_64 | 1.3-8 | 0.90 | 306.86 | 307.76 | NOTE | |
r-patched-solaris-sparc | 1.3-8 | 566.40 | NOTE | |||
r-patched-solaris-x86 | 1.3-8 | 144.50 | NOTE | |||
r-release-linux-ix86 | 1.3-8 | 1.12 | 294.22 | 295.34 | NOTE | |
r-release-linux-x86_64 | 1.3-8 | 0.86 | 295.02 | 295.88 | NOTE | |
r-release-osx-x86_64-mavericks | 1.3-8 | NOTE | ||||
r-release-osx-x86_64-snowleopard | 1.3-8 | OK | ||||
r-release-windows-ix86+x86_64 | 1.3-8 | 3.00 | 292.00 | 295.00 | NOTE | |
r-oldrel-windows-ix86+x86_64 | 1.3-8 | 3.00 | 302.00 | 305.00 | NOTE |
Version: 1.3-8
Check: dependencies in R code
Result: NOTE
Package in Depends field not imported from: ‘brew’
These packages need to be imported from (in the NAMESPACE file)
for when this namespace is loaded but not attached.
See the information on DESCRIPTION files in the chapter ‘Creating R
packages’ of the ‘Writing R Extensions’ manual.
Flavors: r-devel-linux-x86_64-debian-clang, r-devel-linux-x86_64-debian-gcc, r-devel-linux-x86_64-fedora-clang, r-devel-linux-x86_64-fedora-gcc, r-devel-osx-x86_64-clang, r-devel-windows-ix86+x86_64, r-patched-linux-x86_64, r-patched-solaris-sparc, r-patched-solaris-x86, r-release-linux-ix86, r-release-linux-x86_64, r-release-osx-x86_64-mavericks, r-release-windows-ix86+x86_64, r-oldrel-windows-ix86+x86_64
Version: 1.3-8
Check: R code for possible problems
Result: NOTE
print.findFn: no visible global function definition for ‘brew’
Flavors: r-devel-linux-x86_64-debian-clang, r-devel-linux-x86_64-debian-gcc, r-devel-linux-x86_64-fedora-clang, r-devel-linux-x86_64-fedora-gcc, r-devel-osx-x86_64-clang, r-devel-windows-ix86+x86_64
Version: 1.3-8
Check: package dependencies
Result: NOTE
Package suggested but not available for checking: ‘RODBC’
Flavor: r-release-osx-x86_64-mavericks
Version: 1.3-8
Check: Rd cross-references
Result: NOTE
Package unavailable to check Rd xrefs: ‘RODBC’
Flavor: r-release-osx-x86_64-mavericks