CRAN Package Check Results for Package sp23design

Last updated on 2014-10-10 15:49:20.

Flavor Version Tinstall Tcheck Ttotal Status Flags
r-devel-linux-x86_64-debian-clang 0.9 0.88 15.68 16.56 NOTE
r-devel-linux-x86_64-debian-gcc 0.9 0.86 14.80 15.66 NOTE
r-devel-linux-x86_64-fedora-clang 0.9 36.96 NOTE
r-devel-linux-x86_64-fedora-gcc 0.9 34.82 NOTE
r-devel-osx-x86_64-clang 0.9 26.79 NOTE
r-devel-windows-ix86+x86_64 0.9 3.00 24.00 27.00 NOTE
r-patched-linux-x86_64 0.9 0.88 15.84 16.72 OK
r-patched-solaris-sparc 0.9 158.10 OK
r-patched-solaris-x86 0.9 41.50 OK
r-release-linux-ix86 0.9 1.34 20.13 21.46 OK
r-release-linux-x86_64 0.9 1.21 15.42 16.63 OK
r-release-osx-x86_64-mavericks 0.9 OK
r-release-osx-x86_64-snowleopard 0.9 OK
r-release-windows-ix86+x86_64 0.9 4.00 24.00 28.00 OK
r-oldrel-windows-ix86+x86_64 0.9 4.00 27.00 31.00 OK

Check Details

Version: 0.9
Check: R code for possible problems
Result: NOTE
    mHP.b : crossingProbDiff: no visible global function definition for
     ‘Miwa’
    mHP.c : crossingProbDiff: no visible global function definition for
     ‘Miwa’
Flavors: r-devel-linux-x86_64-debian-clang, r-devel-linux-x86_64-debian-gcc, r-devel-linux-x86_64-fedora-clang, r-devel-linux-x86_64-fedora-gcc, r-devel-osx-x86_64-clang, r-devel-windows-ix86+x86_64