Last updated on 2014-10-10 15:49:20.
Flavor | Version | Tinstall | Tcheck | Ttotal | Status | Flags |
---|---|---|---|---|---|---|
r-devel-linux-x86_64-debian-clang | 0.13.0115 | 5.60 | 30.94 | 36.54 | NOTE | |
r-devel-linux-x86_64-debian-gcc | 0.13.0115 | 7.59 | 30.59 | 38.18 | NOTE | |
r-devel-linux-x86_64-fedora-clang | 0.13.0115 | 78.29 | NOTE | |||
r-devel-linux-x86_64-fedora-gcc | 0.13.0115 | 72.11 | NOTE | |||
r-devel-osx-x86_64-clang | 0.13.0115 | 62.21 | NOTE | |||
r-devel-windows-ix86+x86_64 | 0.13.0115 | 22.00 | 73.00 | 95.00 | NOTE | |
r-patched-linux-x86_64 | 0.13.0115 | 6.44 | 32.48 | 38.92 | NOTE | |
r-patched-solaris-sparc | 0.13.0115 | 466.90 | NOTE | |||
r-patched-solaris-x86 | 0.13.0115 | 104.20 | NOTE | |||
r-release-linux-ix86 | 0.13.0115 | 8.20 | 42.27 | 50.47 | NOTE | |
r-release-linux-x86_64 | 0.13.0115 | 6.64 | 33.32 | 39.95 | NOTE | |
r-release-osx-x86_64-mavericks | 0.13.0115 | NOTE | ||||
r-release-osx-x86_64-snowleopard | 0.13.0115 | OK | ||||
r-release-windows-ix86+x86_64 | 0.13.0115 | 24.00 | 78.00 | 102.00 | NOTE | |
r-oldrel-windows-ix86+x86_64 | 0.13.0115 | 26.00 | 82.00 | 108.00 | NOTE |
Memtest notes: valgrind
Version: 0.13.0115
Check: dependencies in R code
Result: NOTE
Packages in Depends field not imported from:
‘Rcpp’ ‘colorspace’ ‘picante’
These packages need to be imported from (in the NAMESPACE file)
for when this namespace is loaded but not attached.
See the information on DESCRIPTION files in the chapter ‘Creating R
packages’ of the ‘Writing R Extensions’ manual.
Flavors: r-devel-linux-x86_64-debian-clang, r-devel-linux-x86_64-debian-gcc, r-devel-linux-x86_64-fedora-clang, r-devel-linux-x86_64-fedora-gcc, r-devel-osx-x86_64-clang, r-devel-windows-ix86+x86_64, r-patched-linux-x86_64, r-patched-solaris-sparc, r-patched-solaris-x86, r-release-linux-ix86, r-release-linux-x86_64, r-release-osx-x86_64-mavericks, r-release-windows-ix86+x86_64, r-oldrel-windows-ix86+x86_64
Version: 0.13.0115
Check: R code for possible problems
Result: NOTE
cophen: no visible global function definition for ‘Ntip’
get.descendants.of.node: no visible global function definition for
‘Ntip’
phy.deresolve: no visible global function definition for
‘branching.times’
phy.deresolve: no visible global function definition for ‘Ntip’
phy.dotplot: no visible global function definition for ‘tiplabels’
phy.nodetimes: no visible global function definition for ‘Ntip’
phy.nodetimes: no visible global function definition for
‘branching.times’
reorderspacodiobj: no visible global function definition for ‘drop.tip’
resamp.phy: no visible global function definition for ‘Ntip’
resamp.phy: no visible global function definition for ‘branching.times’
spacodi.all.nodes: no visible global function definition for ‘subtrees’
spacodi.all.nodes: no visible global function definition for
‘branching.times’
spacodi.exp.nodes: no visible global function definition for ‘subtrees’
spacodi.treeplot: no visible global function definition for
‘diverge_hcl’
spacodi.treeplot: no visible global function definition for
‘nodelabels’
Flavors: r-devel-linux-x86_64-debian-clang, r-devel-linux-x86_64-debian-gcc, r-devel-linux-x86_64-fedora-clang, r-devel-linux-x86_64-fedora-gcc, r-devel-osx-x86_64-clang, r-devel-windows-ix86+x86_64
Version: 0.13.0115
Check: Rd line widths
Result: NOTE
Rd file 'phy.dotplot.Rd':
\usage lines wider than 90 characters:
phy.dotplot(sp.plot, phy, edge.width = 0.2, lab.adj = c(0, 0), tips.adj = c(0.5, 3), tips.cex = 1.0, pch = 21, print.labs = FALSE, outf ... [TRUNCATED]
Rd file 'spacodi.by.nodes.Rd':
\usage lines wider than 90 characters:
spacodi.by.nodes(sp.plot, phy, sp.parm = "Bst", obs.only = FALSE, return.all = TRUE, n.rep = 10, method = "1s", parm = NULL, dmat = NUL ... [TRUNCATED]
Rd file 'spacodi.calc.Rd':
\usage lines wider than 90 characters:
spacodi.calc(sp.plot, phy = NULL, sp.traits = NULL, all.together = TRUE, prune = TRUE, pairwise = FALSE, ...)
Rd file 'spacodi.permutplot.Rd':
\usage lines wider than 90 characters:
spacodi.permutplot(spacodi.permutations, cex=list(pch=1.5, rand=0.1, node=0.5, legend=0.75), transp=0.8, col = list("black", "lightgr ... [TRUNCATED]
bg = list("white", "lightgray", "black"), all.points = TRUE, add.id = TRUE, sig.plot = TRUE, cut.off = 0.05, envelope = FALSE, outfil ... [TRUNCATED]
Rd file 'spacodi.treeplot.Rd':
\usage lines wider than 90 characters:
spacodi.treeplot(spacodi.permutations, phy, cex=list(pch = 1.5, tip = 0.5, legend = 0.75), transp=0.8, sig.plot = TRUE, cut.off = 0.05, ... [TRUNCATED]
These lines will be truncated in the PDF manual.
Flavors: r-devel-linux-x86_64-debian-clang, r-devel-linux-x86_64-debian-gcc, r-devel-linux-x86_64-fedora-clang, r-devel-linux-x86_64-fedora-gcc, r-patched-linux-x86_64, r-release-linux-x86_64