Last updated on 2014-10-10 15:49:20.
Flavor | Version | Tinstall | Tcheck | Ttotal | Status | Flags |
---|---|---|---|---|---|---|
r-devel-linux-x86_64-debian-clang | 0.1-6 | 0.81 | 48.43 | 49.24 | NOTE | |
r-devel-linux-x86_64-debian-gcc | 0.1-6 | 0.80 | 55.46 | 56.26 | NOTE | |
r-devel-linux-x86_64-fedora-clang | 0.1-6 | 114.37 | NOTE | |||
r-devel-linux-x86_64-fedora-gcc | 0.1-6 | 117.66 | NOTE | |||
r-devel-osx-x86_64-clang | 0.1-6 | 87.94 | NOTE | |||
r-devel-windows-ix86+x86_64 | 0.1-6 | 4.00 | 69.00 | 73.00 | NOTE | |
r-patched-linux-x86_64 | 0.1-6 | 0.86 | 56.35 | 57.22 | NOTE | |
r-patched-solaris-sparc | 0.1-6 | 721.60 | NOTE | |||
r-patched-solaris-x86 | 0.1-6 | 200.60 | NOTE | |||
r-release-linux-ix86 | 0.1-6 | 1.24 | 67.82 | 69.06 | NOTE | |
r-release-linux-x86_64 | 0.1-6 | 0.83 | 54.92 | 55.75 | NOTE | |
r-release-osx-x86_64-mavericks | 0.1-6 | NOTE | ||||
r-release-windows-ix86+x86_64 | 0.1-6 | 4.00 | 82.00 | 86.00 | NOTE | |
r-oldrel-windows-ix86+x86_64 | 0.1-6 | 4.00 | 71.00 | 75.00 | NOTE |
Version: 0.1-6
Check: dependencies in R code
Result: NOTE
'library' or 'require' call to ‘mda’ which was already attached by Depends.
Please remove these calls from your code.
Packages in Depends field not imported from:
‘MASS’ ‘elasticnet’ ‘lars’ ‘mda’
These packages need to be imported from (in the NAMESPACE file)
for when this namespace is loaded but not attached.
See the information on DESCRIPTION files in the chapter ‘Creating R
packages’ of the ‘Writing R Extensions’ manual.
Flavors: r-devel-linux-x86_64-debian-clang, r-devel-linux-x86_64-debian-gcc, r-devel-linux-x86_64-fedora-clang, r-devel-linux-x86_64-fedora-gcc, r-devel-osx-x86_64-clang, r-devel-windows-ix86+x86_64, r-patched-linux-x86_64, r-patched-solaris-sparc, r-patched-solaris-x86, r-release-linux-ix86, r-release-linux-x86_64, r-release-osx-x86_64-mavericks, r-release-windows-ix86+x86_64, r-oldrel-windows-ix86+x86_64
Version: 0.1-6
Check: R code for possible problems
Result: NOTE
sda.default: no visible global function definition for ‘solvebeta’
sda.default: no visible global function definition for ‘lda’
smda.default: no visible global function definition for ‘mda.start’
smda.default: no visible global function definition for ‘solvebeta’
smda.default: no visible global function definition for ‘lda’
Flavors: r-devel-linux-x86_64-debian-clang, r-devel-linux-x86_64-debian-gcc, r-devel-linux-x86_64-fedora-clang, r-devel-linux-x86_64-fedora-gcc, r-devel-osx-x86_64-clang, r-devel-windows-ix86+x86_64