Last updated on 2014-10-10 15:49:20.
Flavor | Version | Tinstall | Tcheck | Ttotal | Status | Flags |
---|---|---|---|---|---|---|
r-devel-linux-x86_64-debian-clang | 0.9-7 | 6.43 | 89.39 | 95.82 | OK | |
r-devel-linux-x86_64-debian-gcc | 0.9-7 | 6.34 | 87.24 | 93.59 | OK | |
r-devel-linux-x86_64-fedora-clang | 0.9-7 | 229.82 | OK | |||
r-devel-linux-x86_64-fedora-gcc | 0.9-7 | 214.53 | OK | |||
r-devel-osx-x86_64-clang | 0.9-7 | 173.18 | OK | |||
r-devel-windows-ix86+x86_64 | 0.9-7 | 26.00 | 141.00 | 167.00 | NOTE | |
r-patched-linux-x86_64 | 0.9-7 | 6.60 | 93.62 | 100.22 | OK | |
r-patched-solaris-sparc | 0.9-7 | 1055.90 | OK | |||
r-patched-solaris-x86 | 0.9-7 | 295.50 | OK | |||
r-release-linux-ix86 | 0.9-7 | 8.41 | 113.91 | 122.32 | OK | |
r-release-linux-x86_64 | 0.9-7 | 6.83 | 94.20 | 101.03 | OK | |
r-release-osx-x86_64-mavericks | 0.9-7 | NOTE | ||||
r-release-osx-x86_64-snowleopard | 0.9-7 | OK | ||||
r-release-windows-ix86+x86_64 | 0.9-7 | 24.00 | 150.00 | 174.00 | OK | |
r-oldrel-windows-ix86+x86_64 | 0.9-7 | 24.00 | 142.00 | 166.00 | OK |
Version: 0.9-7
Check: package dependencies
Result: NOTE
Package suggested but not available for checking: 'gpclib'
Flavor: r-devel-windows-ix86+x86_64
Version: 0.9-7
Check: package dependencies
Result: NOTE
Package suggested but not available for checking: ‘rgdal’
Flavor: r-release-osx-x86_64-mavericks