CRAN Package Check Results for Package sptm

Last updated on 2014-10-10 15:49:20.

Flavor Version Tinstall Tcheck Ttotal Status Flags
r-devel-linux-x86_64-fedora-clang 14.10-8 25.12 OK
r-devel-linux-x86_64-fedora-gcc 14.10-8 23.64 OK
r-devel-osx-x86_64-clang 14.10-8 41.08 OK
r-patched-solaris-sparc 14.10-8 22.20 ERROR
r-patched-solaris-x86 14.10-8 5.20 ERROR

Check Details

Version: 14.10-8
Check: whether package can be installed
Result: ERROR
    Installation failed.
Flavors: r-patched-solaris-sparc, r-patched-solaris-x86