Last updated on 2014-10-10 15:49:20.
Flavor | Version | Tinstall | Tcheck | Ttotal | Status | Flags |
---|---|---|---|---|---|---|
r-devel-linux-x86_64-debian-clang | 1.4.20 | 1.24 | 17.93 | 19.17 | NOTE | |
r-devel-linux-x86_64-debian-gcc | 1.4.20 | 1.13 | 18.56 | 19.69 | NOTE | |
r-devel-linux-x86_64-fedora-clang | 1.4.20 | 37.08 | NOTE | |||
r-devel-linux-x86_64-fedora-gcc | 1.4.20 | 34.59 | NOTE | |||
r-devel-osx-x86_64-clang | 1.4.20 | 34.35 | NOTE | |||
r-devel-windows-ix86+x86_64 | 1.4.20 | 5.00 | 28.00 | 33.00 | NOTE | |
r-patched-linux-x86_64 | 1.4.20 | 1.22 | 18.59 | 19.81 | OK | |
r-patched-solaris-sparc | 1.4.20 | 223.30 | OK | |||
r-patched-solaris-x86 | 1.4.20 | 49.40 | OK | |||
r-release-linux-ix86 | 1.4.20 | 1.59 | 25.01 | 26.60 | OK | |
r-release-linux-x86_64 | 1.4.20 | 1.32 | 17.98 | 19.30 | OK | |
r-release-osx-x86_64-mavericks | 1.4.20 | OK | ||||
r-release-osx-x86_64-snowleopard | 1.4.20 | OK | ||||
r-release-windows-ix86+x86_64 | 1.4.20 | 5.00 | 30.00 | 35.00 | OK | |
r-oldrel-windows-ix86+x86_64 | 1.4.20 | 5.00 | 31.00 | 36.00 | OK |
Version: 1.4.20
Check: R code for possible problems
Result: NOTE
qres.tweedie: no visible global function definition for ‘ptweedie’
Flavors: r-devel-linux-x86_64-debian-clang, r-devel-linux-x86_64-debian-gcc, r-devel-linux-x86_64-fedora-clang, r-devel-linux-x86_64-fedora-gcc, r-devel-osx-x86_64-clang, r-devel-windows-ix86+x86_64