CRAN Package Check Results for Package stratigraph

Last updated on 2014-10-10 15:49:20.

Flavor Version Tinstall Tcheck Ttotal Status Flags
r-devel-linux-x86_64-debian-clang 0.64 1.23 44.49 45.72 NOTE
r-devel-linux-x86_64-debian-gcc 0.64 0.95 44.00 44.96 NOTE
r-devel-linux-x86_64-fedora-clang 0.64 37.36 NOTE
r-devel-linux-x86_64-fedora-gcc 0.64 34.21 NOTE
r-devel-osx-x86_64-clang 0.64 60.10 NOTE
r-devel-windows-ix86+x86_64 0.64 3.00 25.00 28.00 NOTE
r-patched-linux-x86_64 0.64 0.92 44.22 45.14 NOTE
r-patched-solaris-sparc 0.64 250.50 NOTE
r-patched-solaris-x86 0.64 51.90 NOTE
r-release-linux-ix86 0.64 1.28 51.56 52.84 NOTE
r-release-linux-x86_64 0.64 0.91 44.40 45.31 NOTE
r-release-osx-x86_64-mavericks 0.64 NOTE
r-release-windows-ix86+x86_64 0.64 5.00 38.00 43.00 NOTE
r-oldrel-windows-ix86+x86_64 0.64 4.00 29.00 33.00 NOTE

Check Details

Version: 0.64
Check: R code for possible problems
Result: NOTE
    plot.strat.column : spplot: warning in viewport(x = 0, y = 0, w =
     unit(1, "npc") - unit(offset.from.max, "points"), h = 1, just =
     c("left", "bottom"), clip = "off"): partial argument match of ‘w’ to
     ‘width’
    plot.strat.column : spplot: warning in viewport(x = 0, y = 0, w =
     unit(1, "npc") - unit(offset.from.max, "points"), h = 1, just =
     c("left", "bottom"), clip = "off"): partial argument match of ‘h’ to
     ‘height’
    plot.strat.column: warning in viewport(x = outer.margins$left, y =
     outer.margins$bottom, w = unit(1, "npc") - outer.margins$right -
     outer.margins$left, h = unit(1, "npc") - outer.margins$top -
     outer.margins$bottom, just = c("left", "bottom"), clip = "off"):
     partial argument match of ‘w’ to ‘width’
    plot.strat.column: warning in viewport(x = outer.margins$left, y =
     outer.margins$bottom, w = unit(1, "npc") - outer.margins$right -
     outer.margins$left, h = unit(1, "npc") - outer.margins$top -
     outer.margins$bottom, just = c("left", "bottom"), clip = "off"):
     partial argument match of ‘h’ to ‘height’
    plot.strat.column: warning in viewport(x = 0.5, y = 0.5, w = unit(1,
     "npc") - unit(2, "lines"), h = unit(1, "npc") - unit(2, "lines"),
     just = c("centre", "centre"), clip = "off"): partial argument match
     of ‘w’ to ‘width’
    plot.strat.column: warning in viewport(x = 0.5, y = 0.5, w = unit(1,
     "npc") - unit(2, "lines"), h = unit(1, "npc") - unit(2, "lines"),
     just = c("centre", "centre"), clip = "off"): partial argument match
     of ‘h’ to ‘height’
    plot.strat.column: warning in viewport(x = 0, y = 0, w = unit(1,
     "npc"), h = unit(1, "npc") - metadata.space, just = c("left",
     "bottom"), clip = "off"): partial argument match of ‘w’ to ‘width’
    plot.strat.column: warning in viewport(x = 0, y = 0, w = unit(1,
     "npc"), h = unit(1, "npc") - metadata.space, just = c("left",
     "bottom"), clip = "off"): partial argument match of ‘h’ to ‘height’
    plot.strat.column: warning in viewport(x = 0, y = 0, w = unit(1, "npc")
     - sample.totals.space, h = unit(1, "npc"), just = c("left",
     "bottom"), clip = "off"): partial argument match of ‘w’ to ‘width’
    plot.strat.column: warning in viewport(x = 0, y = 0, w = unit(1, "npc")
     - sample.totals.space, h = unit(1, "npc"), just = c("left",
     "bottom"), clip = "off"): partial argument match of ‘h’ to ‘height’
    plot.strat.column: warning in viewport(x = 0, y = 0, w = unit(1, "npc")
     - sample.category.totals.space, h = unit(1, "npc"), just = c("left",
     "bottom"), clip = "off"): partial argument match of ‘w’ to ‘width’
    plot.strat.column: warning in viewport(x = 0, y = 0, w = unit(1, "npc")
     - sample.category.totals.space, h = unit(1, "npc"), just = c("left",
     "bottom"), clip = "off"): partial argument match of ‘h’ to ‘height’
    plot.strat.column: warning in viewport(x = unit(0, "npc") + unit(1,
     "lines"), y = 0, w = unit(1, "npc") - 2 * sample.labels.space, h =
     unit(1, "npc"), just = c("left", "bottom"), clip = "off"): partial
     argument match of ‘w’ to ‘width’
    plot.strat.column: warning in viewport(x = unit(0, "npc") + unit(1,
     "lines"), y = 0, w = unit(1, "npc") - 2 * sample.labels.space, h =
     unit(1, "npc"), just = c("left", "bottom"), clip = "off"): partial
     argument match of ‘h’ to ‘height’
    plot.strat.column: warning in viewport(x = 1, y = 0, w = unit(1, "npc")
     - strat.space, h = unit(1, "npc"), just = c("right", "bottom"), clip
     = "off"): partial argument match of ‘w’ to ‘width’
    plot.strat.column: warning in viewport(x = 1, y = 0, w = unit(1, "npc")
     - strat.space, h = unit(1, "npc"), just = c("right", "bottom"), clip
     = "off"): partial argument match of ‘h’ to ‘height’
    plot.strat.column: warning in viewport(x = 0, y = 0, w = unit(1,
     "npc"), h = unit(1, "npc") - unit(1, "lines"), just = c("left",
     "bottom"), clip = "off"): partial argument match of ‘w’ to ‘width’
    plot.strat.column: warning in viewport(x = 0, y = 0, w = unit(1,
     "npc"), h = unit(1, "npc") - unit(1, "lines"), just = c("left",
     "bottom"), clip = "off"): partial argument match of ‘h’ to ‘height’
    plot.strat.column: warning in viewport(x = 0, y = unit(3, "lines"), w =
     unit(1, "npc"), h = unit(1, "npc") - unit(4, "lines") - unit(1,
     "strwidth", data = colnames(counts)[longest.taxon.name]), just =
     c("left", "bottom"), clip = "off"): partial argument match of ‘w’ to
     ‘width’
    plot.strat.column: warning in viewport(x = 0, y = unit(3, "lines"), w =
     unit(1, "npc"), h = unit(1, "npc") - unit(4, "lines") - unit(1,
     "strwidth", data = colnames(counts)[longest.taxon.name]), just =
     c("left", "bottom"), clip = "off"): partial argument match of ‘h’ to
     ‘height’
Flavors: r-devel-linux-x86_64-debian-clang, r-devel-linux-x86_64-debian-gcc, r-devel-linux-x86_64-fedora-clang, r-devel-linux-x86_64-fedora-gcc, r-devel-osx-x86_64-clang, r-devel-windows-ix86+x86_64, r-patched-linux-x86_64, r-patched-solaris-sparc, r-patched-solaris-x86, r-release-linux-ix86, r-release-linux-x86_64, r-release-osx-x86_64-mavericks, r-release-windows-ix86+x86_64, r-oldrel-windows-ix86+x86_64

Version: 0.64
Check: Rd files
Result: NOTE
    prepare_Rd: a.datums.Rd:36: Dropping empty section \note
    prepare_Rd: compress2matrix.Rd:33-35: Dropping empty section \references
    prepare_Rd: compress2matrix.Rd:44-47: Dropping empty section \examples
    prepare_Rd: corneta.Rd:24: Dropping empty section \references
    prepare_Rd: dloc.Rd:43: Dropping empty section \details
    prepare_Rd: dloc.Rd:59: Dropping empty section \note
    prepare_Rd: fill.ranges.Rd:30: Dropping empty section \note
    prepare_Rd: fill.ranges.Rd:25-27: Dropping empty section \references
    prepare_Rd: gluesheets.Rd:20: Dropping empty section \value
    prepare_Rd: gluesheets.Rd:21: Dropping empty section \references
    prepare_Rd: grid.prop.plot.Rd:16: Dropping empty section \details
    prepare_Rd: grid.prop.plot.Rd:23: Dropping empty section \note
    prepare_Rd: grid.prop.plot.Rd:20: Dropping empty section \references
    prepare_Rd: mohawk.Rd:27: Dropping empty section \details
    prepare_Rd: nonuser.Rd:11: Dropping empty section \usage
    prepare_Rd: nonuser.Rd:12: Dropping empty section \arguments
    prepare_Rd: nonuser.Rd:13: Dropping empty section \details
    prepare_Rd: nonuser.Rd:14: Dropping empty section \value
    prepare_Rd: nonuser.Rd:17: Dropping empty section \note
    prepare_Rd: nonuser.Rd:15: Dropping empty section \references
    prepare_Rd: nonuser.Rd:24: Dropping empty section \examples
    prepare_Rd: oe.rates.Rd:39: Dropping empty section \note
    prepare_Rd: plain.Rd:14: Dropping empty section \details
    prepare_Rd: plain.Rd:21: Dropping empty section \references
    prepare_Rd: plot.strat.column.Rd:96: Dropping empty section \references
    prepare_Rd: rangechart.Rd:41: Dropping empty section \details
    prepare_Rd: rangechart.Rd:45: Dropping empty section \note
    prepare_Rd: rangechart.Rd:43: Dropping empty section \references
    prepare_Rd: readGPDascii.Rd:17: Dropping empty section \details
    prepare_Rd: readGPDascii.Rd:31: Dropping empty section \note
    prepare_Rd: rogerslk.Rd:28: Dropping empty section \details
    prepare_Rd: sI.Rd:17: Dropping empty section \details
    prepare_Rd: sI.Rd:23: Dropping empty section \references
    prepare_Rd: strat.column.Rd:147: Dropping empty section \note
    prepare_Rd: strat.column.Rd:144: Dropping empty section \references
    prepare_Rd: writeCONOP.Rd:29-31: Dropping empty section \details
    prepare_Rd: writeCONOP.Rd:33: Dropping empty section \value
    prepare_Rd: writeCONOP.Rd:34: Dropping empty section \references
    prepare_Rd: writeGPDascii.Rd:33: Dropping empty section \details
    prepare_Rd: writeGPDascii.Rd:45: Dropping empty section \note
Flavors: r-devel-linux-x86_64-debian-clang, r-devel-linux-x86_64-debian-gcc, r-devel-linux-x86_64-fedora-clang, r-devel-linux-x86_64-fedora-gcc, r-devel-osx-x86_64-clang, r-devel-windows-ix86+x86_64, r-patched-linux-x86_64, r-patched-solaris-sparc, r-patched-solaris-x86, r-release-linux-ix86, r-release-linux-x86_64, r-release-osx-x86_64-mavericks, r-release-windows-ix86+x86_64, r-oldrel-windows-ix86+x86_64