CRAN Package Check Results for Package survAccuracyMeasures

Last updated on 2014-10-10 15:49:20.

Flavor Version Tinstall Tcheck Ttotal Status Flags
r-devel-linux-x86_64-debian-clang 1.2 27.80 17.57 45.37 NOTE
r-devel-linux-x86_64-debian-gcc 1.2 34.08 17.52 51.60 NOTE
r-devel-linux-x86_64-fedora-clang 1.2 103.47 NOTE
r-devel-linux-x86_64-fedora-gcc 1.2 99.73 NOTE
r-devel-osx-x86_64-clang 1.2 76.27 OK
r-devel-windows-ix86+x86_64 1.2 86.00 49.00 135.00 OK
r-patched-linux-x86_64 1.2 33.64 17.68 51.32 NOTE
r-patched-solaris-sparc 1.2 576.10 NOTE
r-patched-solaris-x86 1.2 135.00 OK
r-release-linux-ix86 1.2 41.87 24.89 66.76 OK
r-release-linux-x86_64 1.2 33.52 18.12 51.64 NOTE
r-release-osx-x86_64-mavericks 1.2 OK
r-release-osx-x86_64-snowleopard 1.2 OK
r-release-windows-ix86+x86_64 1.2 93.00 46.00 139.00 OK
r-oldrel-windows-ix86+x86_64 1.2 88.00 55.00 143.00 OK

Check Details

Version: 1.2
Check: installed package size
Result: NOTE
     installed size is 5.1Mb
     sub-directories of 1Mb or more:
     libs 4.9Mb
Flavors: r-devel-linux-x86_64-debian-clang, r-devel-linux-x86_64-debian-gcc, r-devel-linux-x86_64-fedora-clang, r-devel-linux-x86_64-fedora-gcc, r-patched-linux-x86_64, r-patched-solaris-sparc, r-release-linux-x86_64